Last updated on 2025-02-10 03:49:32 CET.
Flavor | Version | Tinstall | Tcheck | Ttotal | Status | Flags |
---|---|---|---|---|---|---|
r-devel-linux-x86_64-debian-clang | 0.1-6 | 3.46 | 33.31 | 36.77 | NOTE | |
r-devel-linux-x86_64-debian-gcc | 0.1-6 | 2.80 | 25.80 | 28.60 | NOTE | |
r-devel-linux-x86_64-fedora-clang | 0.1-6 | 64.03 | NOTE | |||
r-devel-linux-x86_64-fedora-gcc | 0.1-6 | 73.14 | NOTE | |||
r-devel-windows-x86_64 | 0.1-6 | 5.00 | 56.00 | 61.00 | NOTE | |
r-patched-linux-x86_64 | 0.1-6 | 4.04 | 31.63 | 35.67 | NOTE | |
r-release-linux-x86_64 | 0.1-6 | 3.90 | 31.77 | 35.67 | NOTE | |
r-release-macos-arm64 | 0.1-6 | 28.00 | NOTE | |||
r-release-macos-x86_64 | 0.1-6 | 42.00 | NOTE | |||
r-release-windows-x86_64 | 0.1-6 | 6.00 | 57.00 | 63.00 | NOTE | |
r-oldrel-macos-arm64 | 0.1-6 | 31.00 | NOTE | |||
r-oldrel-macos-x86_64 | 0.1-6 | 44.00 | NOTE | |||
r-oldrel-windows-x86_64 | 0.1-6 | 7.00 | 64.00 | 71.00 | NOTE |
Version: 0.1-6
Check: Rd files
Result: NOTE
checkRd: (-1) kRp.hyphen-methods.Rd:84: Lost braces in \itemize; meant \describe ?
checkRd: (-1) kRp.hyphen-methods.Rd:85: Lost braces in \itemize; meant \describe ?
checkRd: (-1) kRp.hyphen-methods.Rd:86: Lost braces in \itemize; meant \describe ?
checkRd: (-1) kRp.hyphen-methods.Rd:87: Lost braces in \itemize; meant \describe ?
checkRd: (-1) manage.hyph.pat.Rd:53: Lost braces in \itemize; meant \describe ?
checkRd: (-1) manage.hyph.pat.Rd:54: Lost braces in \itemize; meant \describe ?
checkRd: (-1) manage.hyph.pat.Rd:55: Lost braces in \itemize; meant \describe ?
checkRd: (-1) manage.hyph.pat.Rd:56: Lost braces in \itemize; meant \describe ?
Flavors: r-devel-linux-x86_64-debian-clang, r-devel-linux-x86_64-debian-gcc, r-devel-linux-x86_64-fedora-clang, r-devel-linux-x86_64-fedora-gcc, r-devel-windows-x86_64, r-patched-linux-x86_64, r-release-linux-x86_64, r-release-macos-arm64, r-release-macos-x86_64, r-release-windows-x86_64
Version: 0.1-6
Check: package dependencies
Result: NOTE
Packages suggested but not available for checking: 'sylly.de', 'sylly.es'
Flavors: r-patched-linux-x86_64, r-release-linux-x86_64, r-release-macos-arm64, r-release-macos-x86_64, r-release-windows-x86_64, r-oldrel-macos-arm64, r-oldrel-macos-x86_64, r-oldrel-windows-x86_64