Last updated on 2024-08-18 04:48:25 CEST.
Flavor | Version | Tinstall | Tcheck | Ttotal | Status | Flags |
---|---|---|---|---|---|---|
r-devel-linux-x86_64-debian-clang | 1.3.11 | 106.48 | 171.66 | 278.14 | NOTE | |
r-devel-linux-x86_64-debian-gcc | 1.3.11 | 73.69 | 121.08 | 194.77 | NOTE | |
r-devel-linux-x86_64-fedora-clang | 1.3.11 | 521.60 | OK | |||
r-devel-linux-x86_64-fedora-gcc | 1.3.11 | 530.85 | OK | |||
r-devel-windows-x86_64 | 1.3.11 | 107.00 | 207.00 | 314.00 | NOTE | |
r-patched-linux-x86_64 | 1.3.11 | 109.00 | 162.89 | 271.89 | OK | |
r-release-linux-x86_64 | 1.3.11 | 103.61 | 162.96 | 266.57 | OK | |
r-release-macos-arm64 | 1.3.11 | 118.00 | NOTE | |||
r-release-macos-x86_64 | 1.3.11 | 163.00 | NOTE | |||
r-release-windows-x86_64 | 1.3.11 | 111.00 | 207.00 | 318.00 | OK | |
r-oldrel-macos-arm64 | 1.3.11 | 149.00 | NOTE | |||
r-oldrel-macos-x86_64 | 1.3.11 | 239.00 | NOTE | |||
r-oldrel-windows-x86_64 | 1.3.11 | 134.00 | 253.00 | 387.00 | OK |
Version: 1.3.11
Check: Rd cross-references
Result: NOTE
Found the following Rd file(s) with Rd \link{} targets missing package
anchors:
stability.Rd: VAR
Please provide package anchors for all Rd \link{} targets not in the
package itself and the base packages.
Flavors: r-devel-linux-x86_64-debian-clang, r-devel-linux-x86_64-debian-gcc, r-devel-windows-x86_64
Version: 1.3.11
Check: installed package size
Result: NOTE
installed size is 8.6Mb
sub-directories of 1Mb or more:
help 1.0Mb
libs 6.9Mb
Flavors: r-release-macos-arm64, r-release-macos-x86_64, r-oldrel-macos-arm64, r-oldrel-macos-x86_64