CRAN Package Check Results for Package survidm

Last updated on 2025-02-04 05:50:32 CET.

Flavor Version Tinstall Tcheck Ttotal Status Flags
r-devel-linux-x86_64-debian-clang 1.3.2 21.44 127.88 149.32 NOTE
r-devel-linux-x86_64-debian-gcc 1.3.2 14.26 88.05 102.31 NOTE
r-devel-linux-x86_64-fedora-clang 1.3.2 243.76 NOTE
r-devel-linux-x86_64-fedora-gcc 1.3.2 224.83 NOTE
r-devel-windows-x86_64 1.3.2 24.00 130.00 154.00 NOTE
r-patched-linux-x86_64 1.3.2 19.84 118.92 138.76 NOTE
r-release-linux-x86_64 1.3.2 18.95 118.46 137.41 NOTE
r-release-macos-arm64 1.3.2 56.00 NOTE
r-release-macos-x86_64 1.3.2 102.00 NOTE
r-release-windows-x86_64 1.3.2 22.00 130.00 152.00 NOTE
r-oldrel-macos-arm64 1.3.2 69.00 OK
r-oldrel-macos-x86_64 1.3.2 111.00 OK
r-oldrel-windows-x86_64 1.3.2 27.00 162.00 189.00 OK

Check Details

Version: 1.3.2
Check: Rd files
Result: NOTE checkRd: (-1) tprob.Rd:138: Lost braces in \itemize; meant \describe ? checkRd: (-1) tprob.Rd:139: Lost braces in \itemize; meant \describe ? checkRd: (-1) tprob.Rd:140: Lost braces in \itemize; meant \describe ? checkRd: (-1) tprob.Rd:141: Lost braces in \itemize; meant \describe ? checkRd: (-1) tprob.Rd:142: Lost braces in \itemize; meant \describe ? checkRd: (-1) tprob.Rd:143: Lost braces in \itemize; meant \describe ? checkRd: (-1) tprob.Rd:144: Lost braces in \itemize; meant \describe ? checkRd: (-1) tprob.Rd:145: Lost braces in \itemize; meant \describe ? checkRd: (-1) tprob.Rd:146: Lost braces in \itemize; meant \describe ? Flavors: r-devel-linux-x86_64-debian-clang, r-devel-linux-x86_64-debian-gcc, r-devel-linux-x86_64-fedora-clang, r-devel-linux-x86_64-fedora-gcc, r-devel-windows-x86_64, r-patched-linux-x86_64, r-release-linux-x86_64, r-release-macos-arm64, r-release-macos-x86_64, r-release-windows-x86_64