Last updated on 2025-02-11 03:50:22 CET.
Flavor | Version | Tinstall | Tcheck | Ttotal | Status | Flags |
---|---|---|---|---|---|---|
r-devel-linux-x86_64-debian-clang | 1.0.4 | 7.08 | 65.78 | 72.86 | NOTE | |
r-devel-linux-x86_64-debian-gcc | 1.0.4 | 4.92 | 48.76 | 53.68 | NOTE | |
r-devel-linux-x86_64-fedora-clang | 1.0.4 | 113.53 | NOTE | |||
r-devel-linux-x86_64-fedora-gcc | 1.0.4 | 108.44 | NOTE | |||
r-devel-windows-x86_64 | 1.0.4 | 9.00 | 76.00 | 85.00 | NOTE | |
r-patched-linux-x86_64 | 1.0.4 | 10.38 | 60.24 | 70.62 | NOTE | |
r-release-linux-x86_64 | 1.0.4 | 6.50 | 60.43 | 66.93 | NOTE | |
r-release-macos-arm64 | 1.0.4 | 36.00 | NOTE | |||
r-release-macos-x86_64 | 1.0.4 | 51.00 | NOTE | |||
r-release-windows-x86_64 | 1.0.4 | 9.00 | 75.00 | 84.00 | NOTE | |
r-oldrel-macos-arm64 | 1.0.4 | 39.00 | OK | |||
r-oldrel-macos-x86_64 | 1.0.4 | 53.00 | OK | |||
r-oldrel-windows-x86_64 | 1.0.4 | 10.00 | 87.00 | 97.00 | OK |
Version: 1.0.4
Check: Rd files
Result: NOTE
checkRd: (-1) P3C.Rd:18: Lost braces; missing escapes or markup?
18 | used for this will be 1.00*10^{-PoissonThreshold}.}
| ^
Flavors: r-devel-linux-x86_64-debian-clang, r-devel-linux-x86_64-debian-gcc, r-devel-linux-x86_64-fedora-clang, r-devel-linux-x86_64-fedora-gcc, r-devel-windows-x86_64, r-patched-linux-x86_64, r-release-linux-x86_64, r-release-macos-arm64, r-release-macos-x86_64, r-release-windows-x86_64
Version: 1.0.4
Check: Rd cross-references
Result: NOTE
Found the following Rd file(s) with Rd \link{} targets missing package
anchors:
subspace.Rd: ggvis
Please provide package anchors for all Rd \link{} targets not in the
package itself and the base packages.
Flavors: r-devel-linux-x86_64-debian-clang, r-devel-linux-x86_64-debian-gcc, r-devel-windows-x86_64