Last updated on 2024-08-18 04:48:25 CEST.
Flavor | Version | Tinstall | Tcheck | Ttotal | Status | Flags |
---|---|---|---|---|---|---|
r-devel-linux-x86_64-debian-clang | 0.1.1 | 4.19 | 38.33 | 42.52 | OK | |
r-devel-linux-x86_64-debian-gcc | 0.1.1 | 3.61 | 29.82 | 33.43 | OK | |
r-devel-linux-x86_64-fedora-clang | 0.1.1 | 69.35 | NOTE | |||
r-devel-linux-x86_64-fedora-gcc | 0.1.1 | 67.61 | NOTE | |||
r-devel-windows-x86_64 | 0.1.1 | 7.00 | 57.00 | 64.00 | OK | |
r-patched-linux-x86_64 | 0.1.1 | 4.63 | 37.12 | 41.75 | OK | |
r-release-linux-x86_64 | 0.1.1 | 3.72 | 37.20 | 40.92 | OK | |
r-release-macos-arm64 | 0.1.1 | 24.00 | OK | |||
r-release-macos-x86_64 | 0.1.1 | 40.00 | OK | |||
r-release-windows-x86_64 | 0.1.1 | 7.00 | 58.00 | 65.00 | OK | |
r-oldrel-macos-arm64 | 0.1.1 | 25.00 | OK | |||
r-oldrel-macos-x86_64 | 0.1.1 | 40.00 | NOTE | |||
r-oldrel-windows-x86_64 | 0.1.1 | 8.00 | 64.00 | 72.00 | OK |
Version: 0.1.1
Check: dependencies in R code
Result: NOTE
Namespace in Imports field not imported from: ‘ks’
All declared Imports should be used.
Flavors: r-devel-linux-x86_64-fedora-clang, r-devel-linux-x86_64-fedora-gcc
Version: 0.1.1
Check: Rd cross-references
Result: NOTE
Undeclared package ‘HDoutliers’ in Rd xrefs
Flavor: r-devel-linux-x86_64-fedora-clang
Version: 0.1.1
Check: Rd cross-references
Result: NOTE
Package unavailable to check Rd xrefs: ‘HDoutliers’
Flavor: r-oldrel-macos-x86_64