Last updated on 2025-04-15 04:51:09 CEST.
Flavor | Version | Tinstall | Tcheck | Ttotal | Status | Flags |
---|---|---|---|---|---|---|
r-devel-linux-x86_64-debian-clang | 1.1.7 | 100.03 | 49.59 | 149.62 | OK | |
r-devel-linux-x86_64-debian-gcc | 1.1.7 | 84.13 | 36.87 | 121.00 | OK | |
r-devel-linux-x86_64-fedora-clang | 1.1.7 | 247.36 | OK | |||
r-devel-linux-x86_64-fedora-gcc | 1.1.7 | 279.85 | OK | |||
r-devel-windows-x86_64 | 1.1.7 | 95.00 | 92.00 | 187.00 | OK | |
r-patched-linux-x86_64 | 1.1.7 | 102.53 | 49.33 | 151.86 | OK | |
r-release-linux-x86_64 | 1.1.7 | 102.29 | 48.55 | 150.84 | OK | |
r-release-macos-arm64 | 1.1.7 | 69.00 | OK | |||
r-release-macos-x86_64 | 1.1.7 | 182.00 | OK | |||
r-release-windows-x86_64 | 1.1.7 | 99.00 | 93.00 | 192.00 | OK | |
r-oldrel-macos-arm64 | 1.1.7 | 94.00 | NOTE | |||
r-oldrel-macos-x86_64 | 1.1.7 | 196.00 | NOTE | |||
r-oldrel-windows-x86_64 | 1.1.7 | 122.00 | 107.00 | 229.00 | OK |
Version: 1.1.7
Check: installed package size
Result: NOTE
installed size is 10.2Mb
sub-directories of 1Mb or more:
libs 8.9Mb
Flavors: r-oldrel-macos-arm64, r-oldrel-macos-x86_64