Last updated on 2024-08-17 05:49:37 CEST.
Flavor | Version | Tinstall | Tcheck | Ttotal | Status | Flags |
---|---|---|---|---|---|---|
r-devel-linux-x86_64-debian-clang | 0.2.0 | 18.43 | 190.21 | 208.64 | OK | |
r-devel-linux-x86_64-debian-gcc | 0.2.0 | 12.20 | 133.47 | 145.67 | OK | |
r-devel-linux-x86_64-fedora-clang | 0.2.0 | 334.82 | NOTE | |||
r-devel-linux-x86_64-fedora-gcc | 0.2.0 | 331.58 | NOTE | |||
r-devel-windows-x86_64 | 0.2.0 | 16.00 | 180.00 | 196.00 | OK | |
r-patched-linux-x86_64 | 0.2.0 | 17.56 | 182.58 | 200.14 | OK | |
r-release-linux-x86_64 | 0.2.0 | 19.33 | 183.93 | 203.26 | OK | |
r-release-macos-arm64 | 0.2.0 | 93.00 | OK | |||
r-release-macos-x86_64 | 0.2.0 | 148.00 | OK | |||
r-release-windows-x86_64 | 0.2.0 | 20.00 | 182.00 | 202.00 | OK | |
r-oldrel-macos-arm64 | 0.2.0 | 112.00 | OK | |||
r-oldrel-macos-x86_64 | 0.2.0 | 213.00 | OK | |||
r-oldrel-windows-x86_64 | 0.2.0 | 24.00 | 240.00 | 264.00 | OK |
Version: 0.2.0
Check: data for non-ASCII characters
Result: NOTE
Note: found 1 marked UTF-8 string
Flavors: r-devel-linux-x86_64-fedora-clang, r-devel-linux-x86_64-fedora-gcc