Last updated on 2024-08-17 05:49:37 CEST.
Flavor | Version | Tinstall | Tcheck | Ttotal | Status | Flags |
---|---|---|---|---|---|---|
r-devel-linux-x86_64-debian-clang | 1.5.5 | 5.90 | 345.01 | 350.91 | OK | |
r-devel-linux-x86_64-debian-gcc | 1.5.5 | 5.01 | 238.11 | 243.12 | OK | |
r-devel-linux-x86_64-fedora-clang | 1.5.5 | 549.33 | OK | |||
r-devel-linux-x86_64-fedora-gcc | 1.5.5 | 584.03 | OK | |||
r-devel-windows-x86_64 | 1.5.5 | 11.00 | 225.00 | 236.00 | OK | |
r-patched-linux-x86_64 | 1.5.5 | 7.01 | 333.31 | 340.32 | OK | |
r-release-linux-x86_64 | 1.5.5 | 6.22 | 329.26 | 335.48 | OK | |
r-release-macos-arm64 | 1.5.5 | 135.00 | OK | |||
r-release-macos-x86_64 | 1.5.5 | 264.00 | OK | |||
r-release-windows-x86_64 | 1.5.5 | 12.00 | 226.00 | 238.00 | OK | |
r-oldrel-macos-arm64 | 1.5.5 | 11.00 | ERROR | |||
r-oldrel-macos-x86_64 | 1.5.5 | 12.00 | ERROR | |||
r-oldrel-windows-x86_64 | 1.5.5 | 14.00 | 290.00 | 304.00 | OK |
Version: 1.5.5
Check: package dependencies
Result: ERROR
Packages required and available but unsuitable versions:
'correlation', 'datawizard', 'effectsize'
See section ‘The DESCRIPTION file’ in the ‘Writing R Extensions’
manual.
Flavors: r-oldrel-macos-arm64, r-oldrel-macos-x86_64