Last updated on 2024-08-18 04:48:24 CEST.
Flavor | Version | Tinstall | Tcheck | Ttotal | Status | Flags |
---|---|---|---|---|---|---|
r-devel-linux-x86_64-debian-clang | 0.7-1 | 2.49 | 66.89 | 69.38 | NOTE | |
r-devel-linux-x86_64-debian-gcc | 0.7-2 | 1.65 | 41.44 | 43.09 | OK | |
r-devel-linux-x86_64-fedora-clang | 0.7-2 | 125.17 | OK | |||
r-devel-linux-x86_64-fedora-gcc | 0.7-1 | 111.86 | NOTE | |||
r-devel-windows-x86_64 | 0.7-2 | 8.00 | 78.00 | 86.00 | OK | |
r-patched-linux-x86_64 | 0.7-1 | 2.07 | 64.75 | 66.82 | NOTE | |
r-release-linux-x86_64 | 0.7-1 | 1.96 | 64.22 | 66.18 | NOTE | |
r-release-macos-arm64 | 0.7-2 | 41.00 | OK | |||
r-release-macos-x86_64 | 0.7-2 | 107.00 | OK | |||
r-release-windows-x86_64 | 0.7-1 | 5.00 | 85.00 | 90.00 | NOTE | |
r-oldrel-macos-arm64 | 0.7-2 | 45.00 | OK | |||
r-oldrel-macos-x86_64 | 0.7-2 | 85.00 | OK | |||
r-oldrel-windows-x86_64 | 0.7-2 | 7.00 | 92.00 | 99.00 | OK |
Version: 0.7-1
Check: LazyData
Result: NOTE
'LazyData' is specified without a 'data' directory
Flavors: r-devel-linux-x86_64-debian-clang, r-devel-linux-x86_64-fedora-gcc, r-patched-linux-x86_64, r-release-linux-x86_64, r-release-windows-x86_64