Last updated on 2024-08-18 04:48:24 CEST.
Flavor | Version | Tinstall | Tcheck | Ttotal | Status | Flags |
---|---|---|---|---|---|---|
r-devel-linux-x86_64-debian-clang | 0.1 | 3.09 | 68.44 | 71.53 | OK | |
r-devel-linux-x86_64-debian-gcc | 0.1 | 2.29 | 49.00 | 51.29 | OK | |
r-devel-linux-x86_64-fedora-clang | 0.1 | 117.25 | NOTE | |||
r-devel-linux-x86_64-fedora-gcc | 0.1 | 124.79 | OK | |||
r-devel-windows-x86_64 | 0.1 | 5.00 | 97.00 | 102.00 | OK | |
r-patched-linux-x86_64 | 0.1 | 3.00 | 66.04 | 69.04 | OK | |
r-release-linux-x86_64 | 0.1 | 2.91 | 66.63 | 69.54 | OK | |
r-release-macos-arm64 | 0.1 | 45.00 | OK | |||
r-release-macos-x86_64 | 0.1 | 71.00 | OK | |||
r-release-windows-x86_64 | 0.1 | 4.00 | 91.00 | 95.00 | OK | |
r-oldrel-macos-arm64 | 0.1 | 46.00 | OK | |||
r-oldrel-macos-x86_64 | 0.1 | 114.00 | OK | |||
r-oldrel-windows-x86_64 | 0.1 | 6.00 | 110.00 | 116.00 | OK |
Version: 0.1
Check: Rd cross-references
Result: NOTE
Undeclared package ‘pkgbuild’ in Rd xrefs
Flavor: r-devel-linux-x86_64-fedora-clang