Last updated on 2024-08-17 05:49:36 CEST.
Flavor | Version | Tinstall | Tcheck | Ttotal | Status | Flags |
---|---|---|---|---|---|---|
r-devel-linux-x86_64-debian-clang | 5.5.1 | 29.26 | 336.73 | 365.99 | OK | |
r-devel-linux-x86_64-debian-gcc | 5.5.1 | 20.64 | 225.39 | 246.03 | OK | |
r-devel-linux-x86_64-fedora-clang | 5.5.1 | 601.83 | NOTE | |||
r-devel-linux-x86_64-fedora-gcc | 5.5.1 | 592.11 | OK | |||
r-devel-windows-x86_64 | 5.5.1 | 30.00 | 287.00 | 317.00 | NOTE | |
r-patched-linux-x86_64 | 5.5.1 | 35.00 | 319.49 | 354.49 | OK | |
r-release-linux-x86_64 | 5.5.1 | 28.29 | 322.99 | 351.28 | OK | |
r-release-macos-arm64 | 5.5.1 | 136.00 | NOTE | |||
r-release-macos-x86_64 | 5.5.1 | 230.00 | NOTE | |||
r-release-windows-x86_64 | 5.5.1 | 30.00 | 287.00 | 317.00 | NOTE | |
r-oldrel-macos-arm64 | 5.5.1 | 139.00 | NOTE | |||
r-oldrel-macos-x86_64 | 5.5.1 | 370.00 | NOTE | |||
r-oldrel-windows-x86_64 | 5.5.1 | 37.00 | 375.00 | 412.00 | NOTE |
Version: 5.5.1
Check: installed package size
Result: NOTE
installed size is 7.1Mb
sub-directories of 1Mb or more:
doc 5.5Mb
Flavors: r-devel-linux-x86_64-fedora-clang, r-devel-windows-x86_64, r-release-macos-arm64, r-release-macos-x86_64, r-release-windows-x86_64, r-oldrel-macos-arm64, r-oldrel-macos-x86_64, r-oldrel-windows-x86_64