Last updated on 2025-02-10 03:49:31 CET.
Flavor | Version | Tinstall | Tcheck | Ttotal | Status | Flags |
---|---|---|---|---|---|---|
r-devel-linux-x86_64-debian-clang | 1.0.2.5 | 20.34 | 145.78 | 166.12 | NOTE | |
r-devel-linux-x86_64-debian-gcc | 1.0.2.5 | 13.37 | 100.54 | 113.91 | NOTE | |
r-devel-linux-x86_64-fedora-clang | 1.0.2.5 | 268.01 | NOTE | |||
r-devel-linux-x86_64-fedora-gcc | 1.0.2.5 | 273.52 | NOTE | |||
r-devel-windows-x86_64 | 1.0.2.5 | 21.00 | 139.00 | 160.00 | NOTE | |
r-patched-linux-x86_64 | 1.0.2.5 | 26.22 | 133.76 | 159.98 | NOTE | |
r-release-linux-x86_64 | 1.0.2.5 | 16.21 | 135.03 | 151.24 | NOTE | |
r-release-macos-arm64 | 1.0.2.5 | 77.00 | NOTE | |||
r-release-macos-x86_64 | 1.0.2.5 | 122.00 | NOTE | |||
r-release-windows-x86_64 | 1.0.2.5 | 21.00 | 141.00 | 162.00 | NOTE | |
r-oldrel-macos-arm64 | 1.0.2.5 | 83.00 | OK | |||
r-oldrel-macos-x86_64 | 1.0.2.5 | 134.00 | OK | |||
r-oldrel-windows-x86_64 | 1.0.2.5 | 27.00 | 187.00 | 214.00 | OK |
Version: 1.0.2.5
Check: Rd files
Result: NOTE
checkRd: (-1) impactspsur.Rd:42: Lost braces; missing escapes or markup?
42 | and a matching \code{Qres} list attribute if {Q} was given.
| ^
checkRd: (-1) spsur3sls.Rd:158: Lost braces; missing escapes or markup?
158 | the matrix of regressors, of order \emph{(Nxp_{g})}. Moreover,
| ^
checkRd: (-1) spsurgs3sls.Rd:67: Lost braces; missing escapes or markup?
67 | \item{het}{default {FALSE}: if {TRUE} uses the methods
| ^
checkRd: (-1) spsurgs3sls.Rd:67: Lost braces; missing escapes or markup?
67 | \item{het}{default {FALSE}: if {TRUE} uses the methods
| ^
Flavors: r-devel-linux-x86_64-debian-clang, r-devel-linux-x86_64-debian-gcc, r-devel-linux-x86_64-fedora-clang, r-devel-linux-x86_64-fedora-gcc, r-devel-windows-x86_64, r-patched-linux-x86_64, r-release-linux-x86_64, r-release-macos-arm64, r-release-macos-x86_64, r-release-windows-x86_64
Version: 1.0.2.5
Check: Rd cross-references
Result: NOTE
Found the following Rd file(s) with Rd \link{} targets missing package
anchors:
impactspsur.Rd: impacts
spsur-package.Rd: impacts
Please provide package anchors for all Rd \link{} targets not in the
package itself and the base packages.
Flavors: r-devel-linux-x86_64-debian-clang, r-devel-linux-x86_64-debian-gcc, r-devel-windows-x86_64