Last updated on 2025-02-04 05:50:31 CET.
Flavor | Version | Tinstall | Tcheck | Ttotal | Status | Flags |
---|---|---|---|---|---|---|
r-devel-linux-x86_64-debian-clang | 0.5.4 | 2.12 | 34.58 | 36.70 | NOTE | |
r-devel-linux-x86_64-debian-gcc | 0.5.4 | 1.58 | 26.11 | 27.69 | NOTE | |
r-devel-linux-x86_64-fedora-clang | 0.5.4 | 59.95 | NOTE | |||
r-devel-linux-x86_64-fedora-gcc | 0.5.4 | 71.38 | NOTE | |||
r-devel-windows-x86_64 | 0.5.4 | 4.00 | 58.00 | 62.00 | NOTE | |
r-patched-linux-x86_64 | 0.5.4 | 1.48 | 33.07 | 34.55 | OK | |
r-release-linux-x86_64 | 0.5.4 | 1.74 | 33.27 | 35.01 | OK | |
r-release-macos-arm64 | 0.5.4 | 25.00 | OK | |||
r-release-macos-x86_64 | 0.5.4 | 41.00 | OK | |||
r-release-windows-x86_64 | 0.5.4 | 4.00 | 57.00 | 61.00 | OK | |
r-oldrel-macos-arm64 | 0.5.4 | 31.00 | OK | |||
r-oldrel-macos-x86_64 | 0.5.4 | 71.00 | OK | |||
r-oldrel-windows-x86_64 | 0.5.4 | 3.00 | 62.00 | 65.00 | OK |
Version: 0.5.4
Check: DESCRIPTION meta-information
Result: NOTE
Missing dependency on R >= 4.1.0 because package code uses the pipe
|> or function shorthand \(...) syntax added in R 4.1.0.
File(s) using such syntax:
‘prop_allocation.R’
Flavors: r-devel-linux-x86_64-debian-clang, r-devel-linux-x86_64-debian-gcc, r-devel-linux-x86_64-fedora-clang, r-devel-linux-x86_64-fedora-gcc, r-devel-windows-x86_64