Last updated on 2025-02-04 05:50:31 CET.
Flavor | Version | Tinstall | Tcheck | Ttotal | Status | Flags |
---|---|---|---|---|---|---|
r-devel-linux-x86_64-debian-clang | 1.2.3 | 9.29 | 69.46 | 78.75 | NOTE | |
r-devel-linux-x86_64-debian-gcc | 1.2.3 | 7.36 | 48.75 | 56.11 | NOTE | |
r-devel-linux-x86_64-fedora-clang | 1.2.3 | 129.38 | OK | |||
r-devel-linux-x86_64-fedora-gcc | 1.2.3 | 118.40 | OK | |||
r-devel-windows-x86_64 | 1.2.3 | 11.00 | 89.00 | 100.00 | NOTE | |
r-patched-linux-x86_64 | 1.2.3 | 17.40 | 64.12 | 81.52 | NOTE | |
r-release-linux-x86_64 | 1.2.3 | 8.28 | 63.35 | 71.63 | NOTE | |
r-release-macos-arm64 | 1.2.3 | 37.00 | OK | |||
r-release-macos-x86_64 | 1.2.3 | 89.00 | OK | |||
r-release-windows-x86_64 | 1.2.3 | 11.00 | 88.00 | 99.00 | OK | |
r-oldrel-macos-arm64 | 1.2.3 | 40.00 | OK | |||
r-oldrel-macos-x86_64 | 1.2.3 | 70.00 | OK | |||
r-oldrel-windows-x86_64 | 1.2.3 | 14.00 | 99.00 | 113.00 | OK |
Version: 1.2.3
Check: Rd cross-references
Result: NOTE
Found the following Rd file(s) with Rd \link{} targets missing package
anchors:
as.idigbio.Rd: idig_search_records
Please provide package anchors for all Rd \link{} targets not in the
package itself and the base packages.
Flavors: r-devel-linux-x86_64-debian-clang, r-devel-linux-x86_64-debian-gcc, r-devel-windows-x86_64
Version: 1.2.3
Check: package dependencies
Result: NOTE
Package suggested but not available for checking: ‘taxize’
Flavors: r-patched-linux-x86_64, r-release-linux-x86_64