Last updated on 2025-02-11 03:50:22 CET.
Flavor | Version | Tinstall | Tcheck | Ttotal | Status | Flags |
---|---|---|---|---|---|---|
r-devel-linux-x86_64-debian-clang | 0.1-1 | 5.14 | 46.64 | 51.78 | NOTE | |
r-devel-linux-x86_64-debian-gcc | 0.1-1 | 3.97 | 37.72 | 41.69 | NOTE | |
r-devel-linux-x86_64-fedora-clang | 0.1-1 | 80.24 | NOTE | |||
r-devel-linux-x86_64-fedora-gcc | 0.1-1 | 81.04 | NOTE | |||
r-devel-windows-x86_64 | 0.1-1 | 7.00 | 61.00 | 68.00 | OK | |
r-patched-linux-x86_64 | 0.1-1 | 4.70 | 44.07 | 48.77 | NOTE | |
r-release-linux-x86_64 | 0.1-1 | 5.06 | 43.75 | 48.81 | NOTE | |
r-release-macos-arm64 | 0.1-1 | 26.00 | NOTE | |||
r-release-macos-x86_64 | 0.1-1 | 41.00 | NOTE | |||
r-release-windows-x86_64 | 0.1-1 | 7.00 | 68.00 | 75.00 | NOTE | |
r-oldrel-macos-arm64 | 0.1-1 | 34.00 | NOTE | |||
r-oldrel-macos-x86_64 | 0.1-1 | 49.00 | NOTE | |||
r-oldrel-windows-x86_64 | 0.1-1 | 7.00 | 69.00 | 76.00 | NOTE |
Version: 0.1-1
Check: for non-standard things in the check directory
Result: NOTE
Found the following files/directories:
‘.neig’
Flavors: r-devel-linux-x86_64-debian-clang, r-devel-linux-x86_64-debian-gcc, r-devel-linux-x86_64-fedora-clang, r-devel-linux-x86_64-fedora-gcc, r-patched-linux-x86_64, r-release-linux-x86_64
Version: 0.1-1
Check: LazyData
Result: NOTE
'LazyData' is specified without a 'data' directory
Flavors: r-patched-linux-x86_64, r-release-linux-x86_64, r-release-macos-arm64, r-release-macos-x86_64, r-release-windows-x86_64, r-oldrel-macos-arm64, r-oldrel-macos-x86_64, r-oldrel-windows-x86_64