Last updated on 2024-07-18 04:50:28 CEST.
Flavor | Version | Tinstall | Tcheck | Ttotal | Status | Flags |
---|---|---|---|---|---|---|
r-devel-linux-x86_64-debian-clang | 0.4-2 | 8.72 | 216.00 | 224.72 | NOTE | |
r-devel-linux-x86_64-debian-gcc | 0.4-2 | 11.27 | 155.82 | 167.09 | NOTE | |
r-devel-linux-x86_64-fedora-clang | 0.4-2 | 289.81 | NOTE | |||
r-devel-linux-x86_64-fedora-gcc | 0.4-2 | 310.49 | NOTE | |||
r-devel-windows-x86_64 | 0.4-2 | 13.00 | 154.00 | 167.00 | NOTE | |
r-patched-linux-x86_64 | 0.4-2 | 16.83 | 212.98 | 229.81 | NOTE | |
r-release-linux-x86_64 | 0.4-2 | 9.02 | 214.49 | 223.51 | NOTE | |
r-release-macos-arm64 | 0.4-2 | 86.00 | NOTE | |||
r-release-macos-x86_64 | 0.4-2 | 129.00 | NOTE | |||
r-release-windows-x86_64 | 0.4-2 | 12.00 | 155.00 | 167.00 | NOTE | |
r-oldrel-macos-arm64 | 0.4-2 | 85.00 | OK | |||
r-oldrel-macos-x86_64 | 0.4-2 | 175.00 | OK | |||
r-oldrel-windows-x86_64 | 0.4-2 | 15.00 | 201.00 | 216.00 | OK |
Version: 0.4-2
Check: Rd files
Result: NOTE
checkRd: (-1) NEWS.Rd:137: Escaped LaTeX specials: \&
Flavors: r-devel-linux-x86_64-debian-clang, r-devel-linux-x86_64-debian-gcc, r-devel-linux-x86_64-fedora-clang, r-devel-linux-x86_64-fedora-gcc, r-devel-windows-x86_64, r-patched-linux-x86_64, r-release-linux-x86_64, r-release-macos-arm64, r-release-macos-x86_64, r-release-windows-x86_64
Version: 0.4-2
Check: Rd cross-references
Result: NOTE
Found the following Rd file(s) with Rd \link{} targets missing package
anchors:
CompactStratification-class.Rd: SpatialPixels-class,
SpatialPoints-class, SpatialPixelsDataFrame-class
CompactStratificationEqualArea-class.Rd: SpatialPixels-class,
SpatialPoints-class
CompactStratificationPriorPoints-class.Rd: SpatialPoints-class,
SpatialPixels-class
SamplingPattern-class.Rd: SpatialPoints-class
SamplingPatternCentroids-class.Rd: SpatialPoints-class
SamplingPatternPriorPoints-class.Rd: SpatialPoints-class
SamplingPatternPurposive-class.Rd: SpatialPoints-class
SamplingPatternRandom-class.Rd: SpatialPoints-class
SamplingPatternRandomComposite-class.Rd: SpatialPoints-class,
SpatialPointsDataFrame-class
SamplingPatternRandomSamplingUnits-class.Rd: SpatialPoints-class
stratify-methods.Rd: SpatialPixels-class, SpatialGrid-class,
SpatialPolygons-class, SpatialPoints-class
Please provide package anchors for all Rd \link{} targets not in the
package itself and the base packages.
Flavor: r-devel-windows-x86_64