Last updated on 2024-08-17 05:49:36 CEST.
Flavor | Version | Tinstall | Tcheck | Ttotal | Status | Flags |
---|---|---|---|---|---|---|
r-devel-linux-x86_64-debian-clang | 3.1-1 | 8.46 | 153.76 | 162.22 | NOTE | |
r-devel-linux-x86_64-debian-gcc | 3.1-1 | 6.53 | 112.36 | 118.89 | NOTE | |
r-devel-linux-x86_64-fedora-clang | 3.1-1 | 254.01 | NOTE | |||
r-devel-linux-x86_64-fedora-gcc | 3.1-1 | 258.52 | NOTE | |||
r-devel-windows-x86_64 | 3.1-1 | 10.00 | 220.00 | 230.00 | NOTE | |
r-patched-linux-x86_64 | 3.1-1 | 10.18 | 144.05 | 154.23 | NOTE | |
r-release-linux-x86_64 | 3.1-1 | 8.73 | 144.67 | 153.40 | NOTE | |
r-release-macos-arm64 | 3.1-1 | 93.00 | NOTE | |||
r-release-macos-x86_64 | 3.1-1 | 207.00 | NOTE | |||
r-release-windows-x86_64 | 3.1-1 | 10.00 | 221.00 | 231.00 | NOTE | |
r-oldrel-macos-arm64 | 3.1-1 | 101.00 | NOTE | |||
r-oldrel-macos-x86_64 | 3.1-1 | 268.00 | NOTE | |||
r-oldrel-windows-x86_64 | 3.1-1 | 12.00 | 237.00 | 249.00 | NOTE |
Version: 3.1-1
Check: package dependencies
Result: NOTE
Depends: includes the non-default packages:
'spatstat.data', 'spatstat.univar', 'spatstat.geom',
'spatstat.random', 'spatstat.explore', 'spatstat.model',
'spatstat.linnet'
Adding so many packages to the search path is excessive and importing
selectively is preferable.
Flavors: r-devel-linux-x86_64-debian-clang, r-devel-linux-x86_64-debian-gcc, r-devel-linux-x86_64-fedora-clang, r-devel-linux-x86_64-fedora-gcc, r-devel-windows-x86_64, r-patched-linux-x86_64, r-release-linux-x86_64, r-release-macos-arm64, r-release-macos-x86_64, r-release-windows-x86_64, r-oldrel-macos-arm64, r-oldrel-macos-x86_64, r-oldrel-windows-x86_64
Version: 3.1-1
Check: installed package size
Result: NOTE
installed size is 5.2Mb
sub-directories of 1Mb or more:
doc 4.5Mb
Flavors: r-devel-linux-x86_64-fedora-clang, r-devel-windows-x86_64, r-release-macos-arm64, r-release-macos-x86_64, r-release-windows-x86_64, r-oldrel-macos-arm64, r-oldrel-macos-x86_64, r-oldrel-windows-x86_64