Last updated on 2024-08-17 05:49:36 CEST.
Flavor | Version | Tinstall | Tcheck | Ttotal | Status | Flags |
---|---|---|---|---|---|---|
r-devel-linux-x86_64-debian-clang | 3.3-2 | 60.56 | 313.91 | 374.47 | OK | |
r-devel-linux-x86_64-debian-gcc | 3.3-2 | 39.04 | 212.43 | 251.47 | OK | |
r-devel-linux-x86_64-fedora-clang | 3.3-2 | 596.91 | OK | |||
r-devel-linux-x86_64-fedora-gcc | 3.3-2 | 567.64 | OK | |||
r-devel-windows-x86_64 | 3.3-2 | 73.00 | 422.00 | 495.00 | OK | |
r-patched-linux-x86_64 | 3.3-2 | 76.46 | 297.00 | 373.46 | OK | |
r-release-linux-x86_64 | 3.3-2 | 52.19 | 299.84 | 352.03 | OK | |
r-release-macos-arm64 | 3.3-2 | 144.00 | NOTE | |||
r-release-macos-x86_64 | 3.3-2 | 406.00 | NOTE | |||
r-release-windows-x86_64 | 3.3-2 | 76.00 | 421.00 | 497.00 | OK | |
r-oldrel-macos-arm64 | 3.3-2 | 148.00 | NOTE | |||
r-oldrel-macos-x86_64 | 3.3-2 | 337.00 | NOTE | |||
r-oldrel-windows-x86_64 | 3.3-2 | 92.00 | 547.00 | 639.00 | OK |
Version: 3.3-2
Check: installed package size
Result: NOTE
installed size is 5.1Mb
sub-directories of 1Mb or more:
R 2.0Mb
help 1.9Mb
Flavors: r-release-macos-arm64, r-release-macos-x86_64, r-oldrel-macos-arm64, r-oldrel-macos-x86_64