Last updated on 2025-02-11 03:50:22 CET.
Flavor | Version | Tinstall | Tcheck | Ttotal | Status | Flags |
---|---|---|---|---|---|---|
r-devel-linux-x86_64-debian-clang | 1.0.0 | 1.93 | 18.35 | 20.28 | OK | |
r-devel-linux-x86_64-debian-gcc | 1.0.0 | 1.56 | 14.61 | 16.17 | OK | |
r-devel-linux-x86_64-fedora-clang | 1.0.0 | 32.34 | OK | |||
r-devel-linux-x86_64-fedora-gcc | 1.0.0 | 30.36 | OK | |||
r-devel-windows-x86_64 | 1.0.0 | 3.00 | 40.00 | 43.00 | OK | |
r-patched-linux-x86_64 | 1.0.0 | 1.94 | 17.19 | 19.13 | NOTE | |
r-release-linux-x86_64 | 1.0.0 | 1.89 | 17.13 | 19.02 | NOTE | |
r-release-macos-arm64 | 1.0.0 | 16.00 | NOTE | |||
r-release-macos-x86_64 | 1.0.0 | 21.00 | NOTE | |||
r-release-windows-x86_64 | 1.0.0 | 3.00 | 39.00 | 42.00 | NOTE | |
r-oldrel-macos-arm64 | 1.0.0 | 16.00 | NOTE | |||
r-oldrel-macos-x86_64 | 1.0.0 | 20.00 | NOTE | |||
r-oldrel-windows-x86_64 | 1.0.0 | 5.00 | 40.00 | 45.00 | NOTE |
Version: 1.0.0
Check: LazyData
Result: NOTE
'LazyData' is specified without a 'data' directory
Flavors: r-patched-linux-x86_64, r-release-linux-x86_64, r-release-macos-arm64, r-release-macos-x86_64, r-release-windows-x86_64, r-oldrel-macos-arm64, r-oldrel-macos-x86_64, r-oldrel-windows-x86_64