Last updated on 2025-02-04 05:50:31 CET.
Flavor | Version | Tinstall | Tcheck | Ttotal | Status | Flags |
---|---|---|---|---|---|---|
r-devel-linux-x86_64-debian-clang | 0.3.0 | 6.40 | 51.59 | 57.99 | OK | |
r-devel-linux-x86_64-debian-gcc | 0.3.0 | 4.60 | 36.93 | 41.53 | OK | |
r-devel-linux-x86_64-fedora-clang | 0.3.0 | 94.41 | OK | |||
r-devel-linux-x86_64-fedora-gcc | 0.3.0 | 87.08 | OK | |||
r-devel-windows-x86_64 | 0.3.0 | 10.00 | 73.00 | 83.00 | OK | |
r-patched-linux-x86_64 | 0.3.0 | 5.73 | 48.63 | 54.36 | NOTE | |
r-release-linux-x86_64 | 0.3.0 | 5.74 | 49.32 | 55.06 | NOTE | |
r-release-macos-arm64 | 0.3.0 | 29.00 | NOTE | |||
r-release-macos-x86_64 | 0.3.0 | 42.00 | NOTE | |||
r-release-windows-x86_64 | 0.3.0 | 6.00 | 70.00 | 76.00 | NOTE | |
r-oldrel-macos-arm64 | 0.3.0 | 32.00 | NOTE | |||
r-oldrel-macos-x86_64 | 0.3.0 | 51.00 | NOTE | |||
r-oldrel-windows-x86_64 | 0.3.0 | 8.00 | 79.00 | 87.00 | NOTE |
Version: 0.3.0
Check: LazyData
Result: NOTE
'LazyData' is specified without a 'data' directory
Flavors: r-patched-linux-x86_64, r-release-linux-x86_64, r-release-macos-arm64, r-release-macos-x86_64, r-release-windows-x86_64, r-oldrel-macos-arm64, r-oldrel-macos-x86_64, r-oldrel-windows-x86_64