Last updated on 2024-08-17 05:49:36 CEST.
Flavor | Version | Tinstall | Tcheck | Ttotal | Status | Flags |
---|---|---|---|---|---|---|
r-devel-linux-x86_64-debian-clang | 1.3-1 | 14.17 | 151.46 | 165.63 | NOTE | |
r-devel-linux-x86_64-debian-gcc | 1.3-1 | 7.94 | 106.45 | 114.39 | NOTE | |
r-devel-linux-x86_64-fedora-clang | 1.3-1 | 267.48 | OK | |||
r-devel-linux-x86_64-fedora-gcc | 1.3-1 | 273.75 | OK | |||
r-devel-windows-x86_64 | 1.3-1 | 14.00 | 218.00 | 232.00 | NOTE | |
r-patched-linux-x86_64 | 1.3-1 | 13.95 | 141.82 | 155.77 | OK | |
r-release-linux-x86_64 | 1.3-1 | 13.26 | 144.48 | 157.74 | OK | |
r-release-macos-arm64 | 1.3-1 | 94.00 | OK | |||
r-release-macos-x86_64 | 1.3-1 | 171.00 | OK | |||
r-release-windows-x86_64 | 1.3-1 | 14.00 | 215.00 | 229.00 | OK | |
r-oldrel-macos-arm64 | 1.3-1 | 111.00 | OK | |||
r-oldrel-macos-x86_64 | 1.3-1 | 257.00 | OK | |||
r-oldrel-windows-x86_64 | 1.3-1 | 18.00 | 241.00 | 259.00 | OK |
Version: 1.3-1
Check: Rd cross-references
Result: NOTE
Found the following Rd file(s) with Rd \link{} targets missing package
anchors:
STFDF-class.Rd: Spatial, xts
STIDF-class.Rd: Spatial, xts
STSDF-class.Rd: Spatial, xts
eof.Rd: Spatial, xts
stconstruct.Rd: Spatial-class, xts, CRS-class
Please provide package anchors for all Rd \link{} targets not in the
package itself and the base packages.
Flavors: r-devel-linux-x86_64-debian-clang, r-devel-linux-x86_64-debian-gcc, r-devel-windows-x86_64