Last updated on 2024-08-17 05:49:36 CEST.
Flavor | Version | Tinstall | Tcheck | Ttotal | Status | Flags |
---|---|---|---|---|---|---|
r-devel-linux-x86_64-debian-clang | 1.1 | 11.62 | 102.61 | 114.23 | OK | |
r-devel-linux-x86_64-debian-gcc | 1.1 | 9.68 | 72.86 | 82.54 | OK | |
r-devel-linux-x86_64-fedora-clang | 1.1 | 184.02 | NOTE | |||
r-devel-linux-x86_64-fedora-gcc | 1.1 | 171.77 | NOTE | |||
r-devel-windows-x86_64 | 1.1 | 16.00 | 107.00 | 123.00 | NOTE | |
r-patched-linux-x86_64 | 1.1 | 11.83 | 96.97 | 108.80 | OK | |
r-release-linux-x86_64 | 1.1 | 10.55 | 96.60 | 107.15 | OK | |
r-release-macos-arm64 | 1.1 | 46.00 | NOTE | |||
r-release-macos-x86_64 | 1.1 | 81.00 | NOTE | |||
r-release-windows-x86_64 | 1.1 | 14.00 | 105.00 | 119.00 | NOTE | |
r-oldrel-macos-arm64 | 1.1 | 59.00 | NOTE | |||
r-oldrel-macos-x86_64 | 1.1 | 92.00 | NOTE | |||
r-oldrel-windows-x86_64 | 1.1 | 21.00 | 132.00 | 153.00 | NOTE |
Version: 1.1
Check: installed package size
Result: NOTE
installed size is 5.7Mb
sub-directories of 1Mb or more:
data 4.1Mb
help 1.6Mb
Flavors: r-devel-linux-x86_64-fedora-clang, r-devel-windows-x86_64, r-release-macos-arm64, r-release-macos-x86_64, r-release-windows-x86_64, r-oldrel-macos-arm64, r-oldrel-macos-x86_64, r-oldrel-windows-x86_64
Version: 1.1
Check: data for non-ASCII characters
Result: NOTE
Note: found 34 marked UTF-8 strings
Flavors: r-devel-linux-x86_64-fedora-clang, r-devel-linux-x86_64-fedora-gcc