Last updated on 2024-08-17 05:49:36 CEST.
Flavor | Version | Tinstall | Tcheck | Ttotal | Status | Flags |
---|---|---|---|---|---|---|
r-devel-linux-x86_64-debian-clang | 0.0.9.2 | 6.29 | 51.08 | 57.37 | OK | |
r-devel-linux-x86_64-debian-gcc | 0.0.9.2 | 5.06 | 37.13 | 42.19 | OK | |
r-devel-linux-x86_64-fedora-clang | 0.0.9.2 | 95.07 | NOTE | |||
r-devel-linux-x86_64-fedora-gcc | 0.0.9.2 | 101.69 | NOTE | |||
r-devel-windows-x86_64 | 0.0.9.2 | 9.00 | 68.00 | 77.00 | OK | |
r-patched-linux-x86_64 | 0.0.9.2 | 6.32 | 47.94 | 54.26 | OK | |
r-release-linux-x86_64 | 0.0.9.2 | 6.40 | 48.40 | 54.80 | OK | |
r-release-macos-arm64 | 0.0.9.2 | 34.00 | OK | |||
r-release-macos-x86_64 | 0.0.9.2 | 51.00 | OK | |||
r-release-windows-x86_64 | 0.0.9.2 | 9.00 | 67.00 | 76.00 | OK | |
r-oldrel-macos-arm64 | 0.0.9.2 | 35.00 | OK | |||
r-oldrel-macos-x86_64 | 0.0.9.2 | 51.00 | OK | |||
r-oldrel-windows-x86_64 | 0.0.9.2 | 11.00 | 75.00 | 86.00 | OK |
Version: 0.0.9.2
Check: dependencies in R code
Result: NOTE
Namespaces in Imports field not imported from:
‘RSQLite’ ‘dbplyr’
All declared Imports should be used.
Flavors: r-devel-linux-x86_64-fedora-clang, r-devel-linux-x86_64-fedora-gcc