Last updated on 2025-02-10 03:49:31 CET.
Flavor | Version | Tinstall | Tcheck | Ttotal | Status | Flags |
---|---|---|---|---|---|---|
r-devel-linux-x86_64-debian-clang | 1.0.0 | 9.45 | 65.37 | 74.82 | NOTE | |
r-devel-linux-x86_64-debian-gcc | 1.0.0 | 6.76 | 49.47 | 56.23 | NOTE | |
r-devel-linux-x86_64-fedora-clang | 1.0.0 | 120.73 | OK | |||
r-devel-linux-x86_64-fedora-gcc | 1.0.0 | 114.23 | OK | |||
r-devel-windows-x86_64 | 1.0.0 | 9.00 | 76.00 | 85.00 | NOTE | |
r-patched-linux-x86_64 | 1.0.0 | 11.93 | 61.19 | 73.12 | OK | |
r-release-linux-x86_64 | 1.0.0 | 8.10 | 61.73 | 69.83 | OK | |
r-release-macos-arm64 | 1.0.0 | 42.00 | OK | |||
r-release-macos-x86_64 | 1.0.0 | 56.00 | OK | |||
r-release-windows-x86_64 | 1.0.0 | 10.00 | 78.00 | 88.00 | OK | |
r-oldrel-macos-arm64 | 1.0.0 | 41.00 | OK | |||
r-oldrel-macos-x86_64 | 1.0.0 | 65.00 | OK | |||
r-oldrel-windows-x86_64 | 1.0.0 | 12.00 | 89.00 | 101.00 | OK |
Version: 1.0.0
Check: Rd cross-references
Result: NOTE
Found the following Rd file(s) with Rd \link{} targets missing package
anchors:
graphsoptd.mae.Rd: igraph
Please provide package anchors for all Rd \link{} targets not in the
package itself and the base packages.
Flavors: r-devel-linux-x86_64-debian-clang, r-devel-linux-x86_64-debian-gcc, r-devel-windows-x86_64