Last updated on 2024-08-18 04:48:24 CEST.
Flavor | Version | Tinstall | Tcheck | Ttotal | Status | Flags |
---|---|---|---|---|---|---|
r-devel-linux-x86_64-debian-clang | 4.3.5 | 87.73 | 142.52 | 230.25 | OK | --no-vignettes |
r-devel-linux-x86_64-debian-gcc | 4.3.5 | 61.58 | 95.80 | 157.38 | OK | --no-vignettes |
r-devel-linux-x86_64-fedora-clang | 4.3.5 | 624.56 | NOTE | |||
r-devel-linux-x86_64-fedora-gcc | 4.3.5 | 701.32 | OK | |||
r-devel-windows-x86_64 | 4.3.5 | 83.00 | 190.00 | 273.00 | NOTE | --no-vignettes |
r-patched-linux-x86_64 | 4.3.5 | 88.95 | 138.49 | 227.44 | OK | --no-vignettes |
r-release-linux-x86_64 | 4.3.5 | 84.97 | 138.30 | 223.27 | OK | --no-vignettes |
r-release-macos-arm64 | 4.3.5 | 225.00 | NOTE | |||
r-release-macos-x86_64 | 4.3.5 | 669.00 | NOTE | |||
r-release-windows-x86_64 | 4.3.5 | 76.00 | 125.00 | 201.00 | NOTE | --no-vignettes |
r-oldrel-macos-arm64 | 4.3.5 | 315.00 | NOTE | |||
r-oldrel-macos-x86_64 | 4.3.5 | 883.00 | NOTE | |||
r-oldrel-windows-x86_64 | 4.3.5 | 102.00 | 237.00 | 339.00 | NOTE | --no-vignettes |
Version: 4.3.5
Check: installed package size
Result: NOTE
installed size is 5.0Mb
sub-directories of 1Mb or more:
data 1.4Mb
doc 1.3Mb
libs 1.2Mb
Flavors: r-devel-linux-x86_64-fedora-clang, r-release-macos-arm64, r-release-macos-x86_64, r-oldrel-macos-arm64, r-oldrel-macos-x86_64
Version: 4.3.5
Flags: --no-vignettes
Check: installed package size
Result: NOTE
installed size is 5.5Mb
sub-directories of 1Mb or more:
data 1.3Mb
doc 1.3Mb
libs 1.7Mb
Flavors: r-devel-windows-x86_64, r-release-windows-x86_64, r-oldrel-windows-x86_64