Last updated on 2024-08-17 05:49:36 CEST.
Flavor | Version | Tinstall | Tcheck | Ttotal | Status | Flags |
---|---|---|---|---|---|---|
r-devel-linux-x86_64-debian-clang | 1.2.0 | 8.07 | 64.67 | 72.74 | NOTE | |
r-devel-linux-x86_64-debian-gcc | 1.2.0 | 5.71 | 47.16 | 52.87 | NOTE | |
r-devel-linux-x86_64-fedora-clang | 1.2.0 | 115.81 | NOTE | |||
r-devel-linux-x86_64-fedora-gcc | 1.2.0 | 122.60 | NOTE | |||
r-devel-windows-x86_64 | 1.2.0 | 11.00 | 125.00 | 136.00 | NOTE | |
r-patched-linux-x86_64 | 1.2.0 | 10.15 | 60.72 | 70.87 | NOTE | |
r-release-linux-x86_64 | 1.2.0 | 6.71 | 61.06 | 67.77 | NOTE | |
r-release-macos-arm64 | 1.2.0 | 46.00 | NOTE | |||
r-release-macos-x86_64 | 1.2.0 | 64.00 | NOTE | |||
r-release-windows-x86_64 | 1.2.0 | 11.00 | 122.00 | 133.00 | NOTE | |
r-oldrel-macos-arm64 | 1.2.0 | 48.00 | OK | |||
r-oldrel-macos-x86_64 | 1.2.0 | 69.00 | OK | |||
r-oldrel-windows-x86_64 | 1.2.0 | 14.00 | 132.00 | 146.00 | OK |
Version: 1.2.0
Check: Rd files
Result: NOTE
checkRd: (-1) solr_mlt.Rd:70: Lost braces; missing escapes or markup?
70 | TermVector DEFAULT_FIELD_NAMES = new String[] {"contents"}
| ^
Flavors: r-devel-linux-x86_64-debian-clang, r-devel-linux-x86_64-debian-gcc, r-devel-linux-x86_64-fedora-clang, r-devel-linux-x86_64-fedora-gcc, r-devel-windows-x86_64, r-patched-linux-x86_64, r-release-linux-x86_64, r-release-macos-arm64, r-release-macos-x86_64, r-release-windows-x86_64
Version: 1.2.0
Check: Rd cross-references
Result: NOTE
Undeclared package ‘XML’ in Rd xrefs
Flavor: r-devel-linux-x86_64-fedora-clang