CRAN Package Check Results for Package softclassval

Last updated on 2025-02-11 03:50:21 CET.

Flavor Version Tinstall Tcheck Ttotal Status Flags
r-devel-linux-x86_64-debian-clang 1.1.0 2.16 25.28 27.44 OK
r-devel-linux-x86_64-debian-gcc 1.1.0 1.66 19.69 21.35 OK
r-devel-linux-x86_64-fedora-clang 1.1.0 43.07 OK
r-devel-linux-x86_64-fedora-gcc 1.1.0 40.55 NOTE
r-devel-windows-x86_64 1.1.0 3.00 54.00 57.00 OK
r-patched-linux-x86_64 1.1.0 2.61 23.62 26.23 OK
r-release-linux-x86_64 1.1.0 2.03 23.59 25.62 OK
r-release-macos-arm64 1.1.0 20.00 OK
r-release-macos-x86_64 1.1.0 44.00 OK
r-release-windows-x86_64 1.1.0 3.00 55.00 58.00 OK
r-oldrel-macos-arm64 1.1.0 20.00 OK
r-oldrel-macos-x86_64 1.1.0 45.00 OK
r-oldrel-windows-x86_64 1.1.0 4.00 56.00 60.00 OK

Check Details

Version: 1.1.0
Check: tests
Result: NOTE Running ‘tests.R’ Comparing ‘tests.Rout’ to ‘tests.Rout.save’ ...27c27 < * : checkEqualsNumeric(sens(r = ref.array, p = pred.array, groups = ref.groups), run in 0.15 sec ... OK kind msg --- > kind msg Flavor: r-devel-linux-x86_64-fedora-gcc