Last updated on 2024-08-18 04:48:24 CEST.
Flavor | Version | Tinstall | Tcheck | Ttotal | Status | Flags |
---|---|---|---|---|---|---|
r-devel-linux-x86_64-debian-clang | 1.0.5 | 37.89 | 128.60 | 166.49 | OK | |
r-devel-linux-x86_64-debian-gcc | 1.0.5 | 27.11 | 90.80 | 117.91 | OK | |
r-devel-linux-x86_64-fedora-clang | 1.0.5 | 279.20 | OK | |||
r-devel-linux-x86_64-fedora-gcc | 1.0.5 | 279.78 | OK | |||
r-devel-windows-x86_64 | 1.0.5 | 43.00 | 164.00 | 207.00 | NOTE | |
r-patched-linux-x86_64 | 1.0.5 | 39.59 | 120.47 | 160.06 | OK | |
r-release-linux-x86_64 | 1.0.5 | 37.51 | 122.85 | 160.36 | OK | |
r-release-macos-arm64 | 1.0.5 | 86.00 | NOTE | |||
r-release-macos-x86_64 | 1.0.5 | 228.00 | NOTE | |||
r-release-windows-x86_64 | 1.0.5 | 42.00 | 163.00 | 205.00 | NOTE | |
r-oldrel-macos-arm64 | 1.0.5 | 101.00 | NOTE | |||
r-oldrel-macos-x86_64 | 1.0.5 | 189.00 | NOTE | |||
r-oldrel-windows-x86_64 | 1.0.5 | 51.00 | 207.00 | 258.00 | NOTE |
Version: 1.0.5
Check: installed package size
Result: NOTE
installed size is 5.2Mb
sub-directories of 1Mb or more:
data 3.2Mb
libs 1.0Mb
Flavors: r-devel-windows-x86_64, r-release-macos-arm64, r-release-macos-x86_64, r-release-windows-x86_64, r-oldrel-macos-arm64, r-oldrel-macos-x86_64, r-oldrel-windows-x86_64