Last updated on 2025-02-10 03:49:31 CET.
Flavor | Version | Tinstall | Tcheck | Ttotal | Status | Flags |
---|---|---|---|---|---|---|
r-devel-linux-x86_64-debian-clang | 0.6.0 | 3.25 | 52.60 | 55.85 | NOTE | |
r-devel-linux-x86_64-debian-gcc | 0.6.0 | 2.33 | 41.90 | 44.23 | NOTE | |
r-devel-linux-x86_64-fedora-clang | 0.6.0 | 93.18 | NOTE | |||
r-devel-linux-x86_64-fedora-gcc | 0.6.0 | 104.23 | NOTE | |||
r-devel-windows-x86_64 | 0.6.0 | 6.00 | 81.00 | 87.00 | NOTE | |
r-patched-linux-x86_64 | 0.6.0 | 3.59 | 51.38 | 54.97 | NOTE | |
r-release-linux-x86_64 | 0.6.0 | 2.60 | 51.29 | 53.89 | NOTE | |
r-release-macos-arm64 | 0.6.0 | 45.00 | NOTE | |||
r-release-macos-x86_64 | 0.6.0 | 64.00 | NOTE | |||
r-release-windows-x86_64 | 0.6.0 | 6.00 | 81.00 | 87.00 | NOTE | |
r-oldrel-macos-arm64 | 0.6.0 | 50.00 | OK | |||
r-oldrel-macos-x86_64 | 0.6.0 | 67.00 | OK | |||
r-oldrel-windows-x86_64 | 0.6.0 | 7.00 | 97.00 | 104.00 | OK |
Version: 0.6.0
Check: Rd files
Result: NOTE
checkRd: (-1) nba_team_logo.Rd:22: Lost braces; missing escapes or markup?
22 | https://i.cdn.turner.com/nba/nba/.element/img/4.0/global/logos/512x512/bg.white/svg/{team_short_name}.svg
| ^
Flavors: r-devel-linux-x86_64-debian-clang, r-devel-linux-x86_64-debian-gcc, r-devel-linux-x86_64-fedora-clang, r-devel-linux-x86_64-fedora-gcc, r-devel-windows-x86_64, r-patched-linux-x86_64, r-release-linux-x86_64, r-release-macos-arm64, r-release-macos-x86_64, r-release-windows-x86_64