Last updated on 2024-08-17 05:49:35 CEST.
Flavor | Version | Tinstall | Tcheck | Ttotal | Status | Flags |
---|---|---|---|---|---|---|
r-devel-linux-x86_64-debian-clang | 0.9.1 | 14.65 | 292.27 | 306.92 | OK | |
r-devel-linux-x86_64-debian-gcc | 0.9.1 | 10.39 | 197.55 | 207.94 | OK | |
r-devel-linux-x86_64-fedora-clang | 0.9.1 | 491.79 | NOTE | |||
r-devel-linux-x86_64-fedora-gcc | 0.9.1 | 478.18 | OK | |||
r-devel-windows-x86_64 | 0.9.1 | 35.00 | 585.00 | 620.00 | OK | |
r-patched-linux-x86_64 | 0.9.1 | 14.68 | 278.95 | 293.63 | OK | |
r-release-linux-x86_64 | 0.9.1 | 12.59 | 279.76 | 292.35 | OK | |
r-release-macos-arm64 | 0.9.1 | 136.00 | OK | |||
r-release-macos-x86_64 | 0.9.1 | 228.00 | OK | |||
r-release-windows-x86_64 | 0.9.1 | 40.00 | 599.00 | 639.00 | OK | |
r-oldrel-macos-arm64 | 0.9.1 | 146.00 | OK | |||
r-oldrel-macos-x86_64 | 0.9.1 | 306.00 | OK | |||
r-oldrel-windows-x86_64 | 0.9.1 | 41.00 | 482.00 | 523.00 | OK |
Version: 0.9.1
Check: installed package size
Result: NOTE
installed size is 5.0Mb
sub-directories of 1Mb or more:
doc 3.7Mb
Flavor: r-devel-linux-x86_64-fedora-clang