Last updated on 2024-08-18 04:48:24 CEST.
Flavor | Version | Tinstall | Tcheck | Ttotal | Status | Flags |
---|---|---|---|---|---|---|
r-devel-linux-x86_64-debian-clang | 0.2-16 | 2.29 | 340.19 | 342.48 | NOTE | |
r-devel-linux-x86_64-debian-gcc | 0.2-16 | 1.89 | 275.74 | 277.63 | NOTE | |
r-devel-linux-x86_64-fedora-clang | 0.2-16 | 595.04 | NOTE | |||
r-devel-linux-x86_64-fedora-gcc | 0.2-16 | 535.88 | NOTE | |||
r-devel-windows-x86_64 | 0.2-16 | 5.00 | 293.00 | 298.00 | NOTE | |
r-patched-linux-x86_64 | 0.2-16 | 2.75 | 329.10 | 331.85 | NOTE | |
r-release-linux-x86_64 | 0.2-16 | 2.54 | 313.86 | 316.40 | NOTE | |
r-release-macos-arm64 | 0.2-16 | 158.00 | NOTE | |||
r-release-macos-x86_64 | 0.2-16 | 228.00 | NOTE | |||
r-release-windows-x86_64 | 0.2-16 | 4.00 | 327.00 | 331.00 | NOTE | |
r-oldrel-macos-arm64 | 0.2-16 | 161.00 | NOTE | |||
r-oldrel-macos-x86_64 | 0.2-16 | 426.00 | NOTE | |||
r-oldrel-windows-x86_64 | 0.2-16 | 4.00 | 357.00 | 361.00 | NOTE |
Version: 0.2-16
Check: package dependencies
Result: NOTE
Package which this enhances but not available for checking: ‘kmndirs’
Flavors: r-devel-linux-x86_64-debian-clang, r-devel-linux-x86_64-debian-gcc, r-devel-linux-x86_64-fedora-clang, r-devel-linux-x86_64-fedora-gcc, r-devel-windows-x86_64, r-patched-linux-x86_64, r-release-linux-x86_64, r-release-macos-arm64, r-release-macos-x86_64, r-release-windows-x86_64, r-oldrel-macos-arm64, r-oldrel-macos-x86_64, r-oldrel-windows-x86_64
Version: 0.2-16
Check: dependencies in R code
Result: NOTE
Unavailable namespace imported from by a ':::' call: ‘kmndirs’
See the note in ?`:::` about the use of this operator.
Flavors: r-devel-linux-x86_64-debian-clang, r-devel-linux-x86_64-debian-gcc, r-devel-linux-x86_64-fedora-clang, r-devel-linux-x86_64-fedora-gcc, r-devel-windows-x86_64, r-patched-linux-x86_64, r-release-linux-x86_64, r-release-macos-arm64, r-release-macos-x86_64, r-release-windows-x86_64, r-oldrel-macos-arm64, r-oldrel-macos-x86_64, r-oldrel-windows-x86_64