Last updated on 2024-08-17 05:49:35 CEST.
Flavor | Version | Tinstall | Tcheck | Ttotal | Status | Flags |
---|---|---|---|---|---|---|
r-devel-linux-x86_64-debian-clang | 2.1.5 | 5.81 | 75.91 | 81.72 | NOTE | |
r-devel-linux-x86_64-debian-gcc | 2.1.5 | 3.73 | 53.40 | 57.13 | NOTE | |
r-devel-linux-x86_64-fedora-clang | 2.1.5 | 130.04 | OK | |||
r-devel-linux-x86_64-fedora-gcc | 2.1.5 | 148.59 | OK | |||
r-devel-windows-x86_64 | 2.1.5 | 8.00 | 94.00 | 102.00 | NOTE | |
r-patched-linux-x86_64 | 2.1.5 | 11.21 | 71.04 | 82.25 | OK | |
r-release-linux-x86_64 | 2.1.5 | 5.45 | 71.88 | 77.33 | OK | |
r-release-macos-arm64 | 2.1.5 | 53.00 | OK | |||
r-release-macos-x86_64 | 2.1.5 | 80.00 | OK | |||
r-release-windows-x86_64 | 2.1.5 | 8.00 | 92.00 | 100.00 | OK | |
r-oldrel-macos-arm64 | 2.1.5 | 54.00 | OK | |||
r-oldrel-macos-x86_64 | 2.1.5 | 84.00 | OK | |||
r-oldrel-windows-x86_64 | 2.1.5 | 10.00 | 104.00 | 114.00 | OK |
Version: 2.1.5
Check: Rd cross-references
Result: NOTE
Found the following Rd file(s) with Rd \link{} targets missing package
anchors:
knit_print.Rd: collapse
print.Rd: tbl_format_setup
Please provide package anchors for all Rd \link{} targets not in the
package itself and the base packages.
Flavors: r-devel-linux-x86_64-debian-clang, r-devel-linux-x86_64-debian-gcc, r-devel-windows-x86_64