Last updated on 2024-08-17 05:49:35 CEST.
Flavor | Version | Tinstall | Tcheck | Ttotal | Status | Flags |
---|---|---|---|---|---|---|
r-devel-linux-x86_64-debian-clang | 1.0.3 | 4.54 | 35.23 | 39.77 | OK | |
r-devel-linux-x86_64-debian-gcc | 1.0.3 | 3.82 | 27.95 | 31.77 | OK | |
r-devel-linux-x86_64-fedora-clang | 1.0.3 | 61.44 | NOTE | |||
r-devel-linux-x86_64-fedora-gcc | 1.0.3 | 58.37 | NOTE | |||
r-devel-windows-x86_64 | 1.0.3 | 7.00 | 58.00 | 65.00 | OK | |
r-patched-linux-x86_64 | 1.0.3 | 4.08 | 33.79 | 37.87 | OK | |
r-release-linux-x86_64 | 1.0.3 | 3.84 | 34.11 | 37.95 | OK | |
r-release-macos-arm64 | 1.0.3 | 25.00 | OK | |||
r-release-macos-x86_64 | 1.0.3 | 34.00 | OK | |||
r-release-windows-x86_64 | 1.0.3 | 7.00 | 55.00 | 62.00 | OK | |
r-oldrel-macos-arm64 | 1.0.3 | 28.00 | OK | |||
r-oldrel-macos-x86_64 | 1.0.3 | 42.00 | OK | |||
r-oldrel-windows-x86_64 | 1.0.3 | 8.00 | 60.00 | 68.00 | OK |
Version: 1.0.3
Check: data for non-ASCII characters
Result: NOTE
Note: found 2 marked UTF-8 strings
Flavors: r-devel-linux-x86_64-fedora-clang, r-devel-linux-x86_64-fedora-gcc