Last updated on 2025-02-04 05:50:31 CET.
Flavor | Version | Tinstall | Tcheck | Ttotal | Status | Flags |
---|---|---|---|---|---|---|
r-devel-linux-x86_64-debian-clang | 0.2.1.4 | 38.94 | 195.69 | 234.63 | NOTE | |
r-devel-linux-x86_64-debian-gcc | 0.2.1.4 | 20.87 | 129.19 | 150.06 | NOTE | |
r-devel-linux-x86_64-fedora-clang | 0.2.1.4 | 396.87 | NOTE | |||
r-devel-linux-x86_64-fedora-gcc | 0.2.1.4 | 382.61 | NOTE | |||
r-devel-windows-x86_64 | 0.2.1.4 | 35.00 | 234.00 | 269.00 | NOTE | |
r-patched-linux-x86_64 | 0.2.1.4 | 38.31 | 187.79 | 226.10 | OK | |
r-release-linux-x86_64 | 0.2.1.4 | 37.87 | 190.19 | 228.06 | OK | |
r-release-macos-arm64 | 0.2.1.4 | 96.00 | OK | |||
r-release-macos-x86_64 | 0.2.1.4 | 232.00 | OK | |||
r-release-windows-x86_64 | 0.2.1.4 | 35.00 | 222.00 | 257.00 | OK | |
r-oldrel-macos-arm64 | 0.2.1.4 | 102.00 | OK | |||
r-oldrel-macos-x86_64 | 0.2.1.4 | 207.00 | OK | |||
r-oldrel-windows-x86_64 | 0.2.1.4 | 45.00 | 265.00 | 310.00 | OK |
Version: 0.2.1.4
Check: DESCRIPTION meta-information
Result: NOTE
Missing dependency on R >= 4.1.0 because package code uses the pipe
|> or function shorthand \(...) syntax added in R 4.1.0.
File(s) using such syntax:
‘Hurdleztnegbin.R’ ‘zotnegbin.R’ ‘ztHurdlenegbin.R’
Flavors: r-devel-linux-x86_64-debian-clang, r-devel-linux-x86_64-debian-gcc, r-devel-linux-x86_64-fedora-clang, r-devel-linux-x86_64-fedora-gcc, r-devel-windows-x86_64