Last updated on 2025-02-10 03:49:31 CET.
Flavor | Version | Tinstall | Tcheck | Ttotal | Status | Flags |
---|---|---|---|---|---|---|
r-devel-linux-x86_64-debian-clang | 0.2.5 | 7.46 | 62.09 | 69.55 | NOTE | --no-vignettes |
r-devel-linux-x86_64-debian-gcc | 0.2.5 | 5.39 | 46.59 | 51.98 | NOTE | --no-vignettes |
r-devel-linux-x86_64-fedora-clang | 0.2.5 | 354.71 | NOTE | |||
r-devel-linux-x86_64-fedora-gcc | 0.2.5 | 404.35 | NOTE | |||
r-devel-windows-x86_64 | 0.2.5 | 9.00 | 336.00 | 345.00 | NOTE | |
r-patched-linux-x86_64 | 0.2.5 | 8.87 | 59.20 | 68.07 | NOTE | --no-vignettes |
r-release-linux-x86_64 | 0.2.5 | 7.30 | 58.85 | 66.15 | NOTE | --no-vignettes |
r-release-macos-arm64 | 0.2.5 | 193.00 | NOTE | |||
r-release-macos-x86_64 | 0.2.5 | 307.00 | NOTE | |||
r-release-windows-x86_64 | 0.2.5 | 10.00 | 337.00 | 347.00 | NOTE | |
r-oldrel-macos-arm64 | 0.2.5 | 212.00 | OK | |||
r-oldrel-macos-x86_64 | 0.2.5 | 352.00 | OK | |||
r-oldrel-windows-x86_64 | 0.2.5 | 8.00 | 438.00 | 446.00 | OK |
Version: 0.2.5
Flags: --no-vignettes
Check: Rd files
Result: NOTE
checkRd: (-1) add_bold.Rd:15: Lost braces; missing escapes or markup?
15 | For example, in latex it would take "2" and output "{\\bf 2}"; in html
| ^
Flavors: r-devel-linux-x86_64-debian-clang, r-devel-linux-x86_64-debian-gcc, r-patched-linux-x86_64, r-release-linux-x86_64
Version: 0.2.5
Check: Rd files
Result: NOTE
checkRd: (-1) add_bold.Rd:15: Lost braces; missing escapes or markup?
15 | For example, in latex it would take "2" and output "{\\bf 2}"; in html
| ^
Flavors: r-devel-linux-x86_64-fedora-clang, r-devel-linux-x86_64-fedora-gcc, r-devel-windows-x86_64, r-release-macos-arm64, r-release-macos-x86_64, r-release-windows-x86_64