Last updated on 2024-08-17 05:49:35 CEST.
Flavor | Version | Tinstall | Tcheck | Ttotal | Status | Flags |
---|---|---|---|---|---|---|
r-devel-linux-x86_64-debian-clang | 1.0.1 | 55.80 | 58.18 | 113.98 | NOTE | |
r-devel-linux-x86_64-debian-gcc | 1.0.1 | 43.06 | 39.15 | 82.21 | NOTE | |
r-devel-linux-x86_64-fedora-clang | 1.0.1 | 192.87 | NOTE | |||
r-devel-linux-x86_64-fedora-gcc | 1.0.1 | 207.84 | NOTE | |||
r-devel-windows-x86_64 | 1.0.1 | 54.00 | 97.00 | 151.00 | NOTE | |
r-patched-linux-x86_64 | 1.0.1 | 57.35 | 53.82 | 111.17 | NOTE | |
r-release-linux-x86_64 | 1.0.1 | 58.03 | 54.26 | 112.29 | NOTE | |
r-release-macos-arm64 | 1.0.1 | 49.00 | NOTE | |||
r-release-macos-x86_64 | 1.0.1 | 87.00 | NOTE | |||
r-release-windows-x86_64 | 1.0.1 | 53.00 | 96.00 | 149.00 | NOTE | |
r-oldrel-macos-arm64 | 1.0.1 | 57.00 | NOTE | |||
r-oldrel-macos-x86_64 | 1.0.1 | 96.00 | NOTE | |||
r-oldrel-windows-x86_64 | 1.0.1 | 55.00 | 116.00 | 171.00 | NOTE |
Version: 1.0.1
Check: C++ specification
Result: NOTE
Specified C++11: please drop specification unless essential
Flavors: r-devel-linux-x86_64-debian-clang, r-devel-linux-x86_64-debian-gcc, r-devel-linux-x86_64-fedora-clang, r-devel-linux-x86_64-fedora-gcc, r-devel-windows-x86_64, r-patched-linux-x86_64, r-release-linux-x86_64, r-release-macos-arm64, r-release-macos-x86_64, r-release-windows-x86_64, r-oldrel-macos-arm64, r-oldrel-macos-x86_64, r-oldrel-windows-x86_64
Version: 1.0.1
Check: LazyData
Result: NOTE
'LazyData' is specified without a 'data' directory
Flavors: r-devel-linux-x86_64-debian-clang, r-devel-linux-x86_64-debian-gcc, r-devel-linux-x86_64-fedora-clang, r-devel-linux-x86_64-fedora-gcc, r-devel-windows-x86_64, r-patched-linux-x86_64, r-release-linux-x86_64, r-release-macos-arm64, r-release-macos-x86_64, r-release-windows-x86_64, r-oldrel-macos-arm64, r-oldrel-macos-x86_64, r-oldrel-windows-x86_64
Version: 1.0.1
Check: installed package size
Result: NOTE
installed size is 9.9Mb
sub-directories of 1Mb or more:
libs 9.2Mb
Flavors: r-release-macos-arm64, r-release-macos-x86_64, r-oldrel-macos-arm64, r-oldrel-macos-x86_64