Last updated on 2024-08-17 05:49:35 CEST.
Flavor | Version | Tinstall | Tcheck | Ttotal | Status | Flags |
---|---|---|---|---|---|---|
r-devel-linux-x86_64-debian-clang | 2.3.1 | 35.55 | 203.72 | 239.27 | OK | |
r-devel-linux-x86_64-debian-gcc | 2.3.1 | 24.29 | 135.92 | 160.21 | OK | |
r-devel-linux-x86_64-fedora-clang | 2.3.1 | 393.81 | NOTE | |||
r-devel-linux-x86_64-fedora-gcc | 2.3.1 | 380.82 | OK | |||
r-devel-windows-x86_64 | 2.3.1 | 43.00 | 227.00 | 270.00 | NOTE | |
r-patched-linux-x86_64 | 2.3.1 | 37.60 | 192.07 | 229.67 | OK | |
r-release-linux-x86_64 | 2.3.1 | 34.40 | 192.01 | 226.41 | OK | |
r-release-macos-arm64 | 2.3.1 | 67.00 | NOTE | |||
r-release-macos-x86_64 | 2.3.1 | 151.00 | NOTE | |||
r-release-windows-x86_64 | 2.3.1 | 44.00 | 222.00 | 266.00 | NOTE | |
r-oldrel-macos-arm64 | 2.3.1 | 78.00 | NOTE | |||
r-oldrel-macos-x86_64 | 2.3.1 | 121.00 | NOTE | |||
r-oldrel-windows-x86_64 | 2.3.1 | 55.00 | 288.00 | 343.00 | NOTE |
Version: 2.3.1
Check: installed package size
Result: NOTE
installed size is 5.3Mb
sub-directories of 1Mb or more:
extdata 1.0Mb
help 1.7Mb
Flavors: r-devel-linux-x86_64-fedora-clang, r-devel-windows-x86_64, r-release-macos-arm64, r-release-macos-x86_64, r-release-windows-x86_64, r-oldrel-macos-arm64, r-oldrel-macos-x86_64, r-oldrel-windows-x86_64
Version: 2.3.1
Check: package dependencies
Result: NOTE
Package suggested but not available for checking: ‘BSgenome.Hsapiens.UCSC.hg19’
Flavors: r-release-macos-arm64, r-release-macos-x86_64, r-oldrel-macos-arm64, r-oldrel-macos-x86_64