Last updated on 2025-02-04 05:50:30 CET.
Flavor | Version | Tinstall | Tcheck | Ttotal | Status | Flags |
---|---|---|---|---|---|---|
r-devel-linux-x86_64-debian-clang | 0.9.0 | 2.59 | 30.28 | 32.87 | OK | |
r-devel-linux-x86_64-debian-gcc | 0.9.0 | 2.49 | 23.79 | 26.28 | OK | |
r-devel-linux-x86_64-fedora-clang | 0.9.0 | 52.70 | OK | |||
r-devel-linux-x86_64-fedora-gcc | 0.9.0 | 49.78 | OK | |||
r-devel-windows-x86_64 | 0.9.0 | 5.00 | 61.00 | 66.00 | OK | |
r-patched-linux-x86_64 | 0.9.0 | 2.86 | 28.90 | 31.76 | NOTE | |
r-release-linux-x86_64 | 0.9.0 | 2.48 | 28.99 | 31.47 | NOTE | |
r-release-macos-arm64 | 0.9.0 | 21.00 | NOTE | |||
r-release-macos-x86_64 | 0.9.0 | 33.00 | NOTE | |||
r-release-windows-x86_64 | 0.9.0 | 5.00 | 55.00 | 60.00 | NOTE | |
r-oldrel-macos-arm64 | 0.9.0 | 21.00 | NOTE | |||
r-oldrel-macos-x86_64 | 0.9.0 | 31.00 | NOTE | |||
r-oldrel-windows-x86_64 | 0.9.0 | 5.00 | 55.00 | 60.00 | NOTE |
Version: 0.9.0
Check: LazyData
Result: NOTE
'LazyData' is specified without a 'data' directory
Flavors: r-patched-linux-x86_64, r-release-linux-x86_64, r-release-macos-arm64, r-release-macos-x86_64, r-release-windows-x86_64, r-oldrel-macos-arm64, r-oldrel-macos-x86_64, r-oldrel-windows-x86_64