Last updated on 2025-02-10 03:49:30 CET.
Flavor | Version | Tinstall | Tcheck | Ttotal | Status | Flags |
---|---|---|---|---|---|---|
r-devel-linux-x86_64-debian-clang | 0.2.1 | 21.82 | 96.37 | 118.19 | NOTE | |
r-devel-linux-x86_64-debian-gcc | 0.2.1 | 16.63 | 71.29 | 87.92 | NOTE | |
r-devel-linux-x86_64-fedora-clang | 0.2.1 | 206.63 | NOTE | |||
r-devel-linux-x86_64-fedora-gcc | 0.2.1 | 204.10 | NOTE | |||
r-devel-windows-x86_64 | 0.2.1 | 29.00 | 126.00 | 155.00 | NOTE | |
r-patched-linux-x86_64 | 0.2.1 | 22.66 | 89.09 | 111.75 | NOTE | |
r-release-linux-x86_64 | 0.2.1 | 23.08 | 89.65 | 112.73 | NOTE | |
r-release-macos-arm64 | 0.2.1 | 57.00 | NOTE | |||
r-release-macos-x86_64 | 0.2.1 | 90.00 | NOTE | |||
r-release-windows-x86_64 | 0.2.1 | 28.00 | 121.00 | 149.00 | NOTE | |
r-oldrel-macos-arm64 | 0.2.1 | 63.00 | NOTE | |||
r-oldrel-macos-x86_64 | 0.2.1 | 101.00 | NOTE | |||
r-oldrel-windows-x86_64 | 0.2.1 | 35.00 | 151.00 | 186.00 | NOTE |
Version: 0.2.1
Check: C++ specification
Result: NOTE
Specified C++11: please drop specification unless essential
Flavors: r-devel-linux-x86_64-debian-clang, r-devel-linux-x86_64-debian-gcc, r-devel-linux-x86_64-fedora-clang, r-devel-linux-x86_64-fedora-gcc, r-devel-windows-x86_64, r-patched-linux-x86_64, r-release-linux-x86_64, r-release-macos-arm64, r-release-macos-x86_64, r-release-windows-x86_64, r-oldrel-macos-arm64, r-oldrel-macos-x86_64, r-oldrel-windows-x86_64
Version: 0.2.1
Check: package dependencies
Result: NOTE
Package suggested but not available for checking: ‘ggraph’
Flavor: r-oldrel-macos-x86_64