Last updated on 2024-08-17 05:49:35 CEST.
Flavor | Version | Tinstall | Tcheck | Ttotal | Status | Flags |
---|---|---|---|---|---|---|
r-devel-linux-x86_64-debian-clang | 0.2.8 | 44.32 | 653.50 | 697.82 | NOTE | |
r-devel-linux-x86_64-debian-gcc | 0.2.8 | 37.24 | 707.19 | 744.43 | NOTE | |
r-devel-linux-x86_64-fedora-clang | 0.2.8 | 1103.47 | NOTE | |||
r-devel-linux-x86_64-fedora-gcc | 0.2.8 | 1916.69 | NOTE | |||
r-devel-windows-x86_64 | 0.2.8 | 61.00 | 543.00 | 604.00 | NOTE | |
r-patched-linux-x86_64 | 0.2.8 | 49.40 | 1124.77 | 1174.17 | NOTE | |
r-release-linux-x86_64 | 0.2.8 | 51.90 | 1154.23 | 1206.13 | NOTE | |
r-release-macos-arm64 | 0.2.8 | 554.00 | NOTE | |||
r-release-macos-x86_64 | 0.2.8 | 535.00 | NOTE | |||
r-release-windows-x86_64 | 0.2.8 | 65.00 | 564.00 | 629.00 | NOTE | |
r-oldrel-macos-arm64 | 0.2.8 | 556.00 | NOTE | |||
r-oldrel-macos-x86_64 | 0.2.8 | 840.00 | NOTE | |||
r-oldrel-windows-x86_64 | 0.2.8 | 74.00 | 770.00 | 844.00 | NOTE |
Version: 0.2.8
Check: for GNU extensions in Makefiles
Result: NOTE
GNU make is a SystemRequirements.
Flavors: r-devel-linux-x86_64-debian-clang, r-devel-linux-x86_64-debian-gcc, r-devel-linux-x86_64-fedora-clang, r-devel-linux-x86_64-fedora-gcc, r-devel-windows-x86_64, r-patched-linux-x86_64, r-release-linux-x86_64, r-release-macos-arm64, r-release-macos-x86_64, r-release-windows-x86_64, r-oldrel-macos-arm64, r-oldrel-macos-x86_64, r-oldrel-windows-x86_64
Version: 0.2.8
Check: compiled code
Result: NOTE
File ‘seqtrie/libs/seqtrie.so’:
Found non-API call to R: ‘STRING_PTR’
Compiled code should not call non-API entry points in R.
See ‘Writing portable packages’ in the ‘Writing R Extensions’ manual,
and section ‘Moving into C API compliance’ for issues with the use of
non-API entry points.
Flavors: r-devel-linux-x86_64-debian-clang, r-devel-linux-x86_64-debian-gcc, r-devel-linux-x86_64-fedora-clang, r-devel-linux-x86_64-fedora-gcc
Version: 0.2.8
Check: compiled code
Result: NOTE
File 'seqtrie/libs/x64/seqtrie.dll':
Found non-API call to R: 'STRING_PTR'
Compiled code should not call non-API entry points in R.
See 'Writing portable packages' in the 'Writing R Extensions' manual,
and section 'Moving into C API compliance' for issues with the use of
non-API entry points.
Flavor: r-devel-windows-x86_64
Version: 0.2.8
Check: package dependencies
Result: NOTE
Package suggested but not available for checking: ‘pwalign’
Flavors: r-release-macos-arm64, r-release-macos-x86_64, r-oldrel-macos-arm64, r-oldrel-macos-x86_64, r-oldrel-windows-x86_64
Version: 0.2.8
Check: installed package size
Result: NOTE
installed size is 5.9Mb
sub-directories of 1Mb or more:
data 1.1Mb
libs 4.3Mb
Flavors: r-release-macos-arm64, r-release-macos-x86_64, r-oldrel-macos-arm64, r-oldrel-macos-x86_64