Last updated on 2024-08-17 05:49:34 CEST.
Flavor | Version | Tinstall | Tcheck | Ttotal | Status | Flags |
---|---|---|---|---|---|---|
r-devel-linux-x86_64-debian-clang | 1.1 | 3.09 | 37.34 | 40.43 | NOTE | |
r-devel-linux-x86_64-debian-gcc | 1.1 | 2.26 | 26.48 | 28.74 | NOTE | |
r-devel-linux-x86_64-fedora-clang | 1.1 | 67.03 | NOTE | |||
r-devel-linux-x86_64-fedora-gcc | 1.1 | 62.28 | NOTE | |||
r-devel-windows-x86_64 | 1.1 | 4.00 | 55.00 | 59.00 | NOTE | |
r-patched-linux-x86_64 | 1.1 | 3.25 | 36.38 | 39.63 | NOTE | |
r-release-linux-x86_64 | 1.1 | 2.43 | 35.31 | 37.74 | NOTE | |
r-release-macos-arm64 | 1.1 | 22.00 | NOTE | |||
r-release-macos-x86_64 | 1.1 | 32.00 | NOTE | |||
r-release-windows-x86_64 | 1.1 | 4.00 | 55.00 | 59.00 | NOTE | |
r-oldrel-macos-arm64 | 1.1 | 24.00 | NOTE | |||
r-oldrel-macos-x86_64 | 1.1 | 33.00 | NOTE | |||
r-oldrel-windows-x86_64 | 1.1 | 5.00 | 63.00 | 68.00 | NOTE |
Version: 1.1
Check: LazyData
Result: NOTE
'LazyData' is specified without a 'data' directory
Flavors: r-devel-linux-x86_64-debian-clang, r-devel-linux-x86_64-debian-gcc, r-devel-linux-x86_64-fedora-clang, r-devel-linux-x86_64-fedora-gcc, r-devel-windows-x86_64, r-patched-linux-x86_64, r-release-linux-x86_64, r-release-macos-arm64, r-release-macos-x86_64, r-release-windows-x86_64, r-oldrel-macos-arm64, r-oldrel-macos-x86_64, r-oldrel-windows-x86_64