CRAN Package Check Results for Package seewave

Last updated on 2025-02-04 05:50:30 CET.

Flavor Version Tinstall Tcheck Ttotal Status Flags
r-devel-linux-x86_64-debian-clang 2.2.3 12.20 138.79 150.99 NOTE
r-devel-linux-x86_64-debian-gcc 2.2.3 8.14 96.88 105.02 NOTE
r-devel-linux-x86_64-fedora-clang 2.2.3 245.48 OK
r-devel-linux-x86_64-fedora-gcc 2.2.3 246.56 OK
r-devel-windows-x86_64 2.2.3 16.00 201.00 217.00 NOTE
r-patched-linux-x86_64 2.2.3 20.66 134.57 155.23 OK
r-release-linux-x86_64 2.2.3 11.04 130.54 141.58 OK
r-release-macos-arm64 2.2.3 72.00 OK
r-release-macos-x86_64 2.2.3 171.00 OK
r-release-windows-x86_64 2.2.3 15.00 0.00 15.00 FAIL
r-oldrel-macos-arm64 2.2.3 83.00 OK
r-oldrel-macos-x86_64 2.2.3 207.00 OK
r-oldrel-windows-x86_64 2.2.3 18.00 236.00 254.00 OK

Check Details

Version: 2.2.3
Check: Rd cross-references
Result: NOTE Found the following Rd file(s) with Rd \link{} targets missing package anchors: noisew.Rd: pulse synth.Rd: pulse synth2.Rd: pulse Please provide package anchors for all Rd \link{} targets not in the package itself and the base packages. Flavors: r-devel-linux-x86_64-debian-clang, r-devel-linux-x86_64-debian-gcc, r-devel-windows-x86_64

Version: 2.2.3
Check: PDF version of manual
Result: FAIL Check process probably crashed or hung up for 20 minutes ... killed Most likely this happened in the example checks (?), if not, ignore the following last lines of example output: > ### Title: Zero-crossing rate > ### Aliases: zcr > ### Keywords: ts > > ### ** Examples > > data(tico) > ## a single value for the complete signal, no plot > zcr(tico, wl=NULL) [1] 0.3367527 > ## a series of values computed for a sliding window of 512 samples, plot > zcr(tico) > > > > ### * <FOOTER> > ### > cleanEx() > options(digits = 7L) > base::cat("Time elapsed: ", proc.time() - base::get("ptime", pos = 'CheckExEnv'),"\n") Time elapsed: 31.45 3.42 35.13 NA NA > grDevices::dev.off() null device 1 > ### > ### Local variables: *** > ### mode: outline-minor *** > ### outline-regexp: "\\(> \\)?### [*]+" *** > ### End: *** > quit('no') ======== End of example output (where/before crash/hang up occured ?) ======== Flavor: r-release-windows-x86_64