Last updated on 2024-08-17 05:49:34 CEST.
Flavor | Version | Tinstall | Tcheck | Ttotal | Status | Flags |
---|---|---|---|---|---|---|
r-devel-linux-x86_64-debian-clang | 1.1.5 | 6.96 | 72.02 | 78.98 | OK | |
r-devel-linux-x86_64-debian-gcc | 1.1.5 | 4.40 | 52.33 | 56.73 | OK | |
r-devel-linux-x86_64-fedora-clang | 1.1.5 | 129.25 | OK | |||
r-devel-linux-x86_64-fedora-gcc | 1.1.5 | 134.04 | OK | |||
r-devel-windows-x86_64 | 1.1.5 | 8.00 | 87.00 | 95.00 | OK | |
r-patched-linux-x86_64 | 1.1.5 | 6.81 | 69.07 | 75.88 | OK | |
r-release-linux-x86_64 | 1.1.5 | 5.07 | 67.64 | 72.71 | OK | |
r-release-macos-arm64 | 1.1.5 | 52.00 | NOTE | |||
r-release-macos-x86_64 | 1.1.5 | 75.00 | OK | |||
r-release-windows-x86_64 | 1.1.5 | 11.00 | 85.00 | 96.00 | OK | |
r-oldrel-macos-arm64 | 1.1.5 | 58.00 | NOTE | |||
r-oldrel-macos-x86_64 | 1.1.5 | 88.00 | NOTE | |||
r-oldrel-windows-x86_64 | 1.1.5 | 12.00 | 95.00 | 107.00 | OK |
Version: 1.1.5
Check: package dependencies
Result: NOTE
Package suggested but not available for checking: ‘org.Mm.eg.db’
Flavor: r-release-macos-arm64
Version: 1.1.5
Check: package dependencies
Result: NOTE
Package suggested but not available for checking: ‘ArrayExpress’
Flavor: r-oldrel-macos-arm64
Version: 1.1.5
Check: Rd cross-references
Result: NOTE
Package unavailable to check Rd xrefs: ‘ArrayExpress’
Flavors: r-oldrel-macos-arm64, r-oldrel-macos-x86_64
Version: 1.1.5
Check: package dependencies
Result: NOTE
Packages suggested but not available for checking:
'ArrayExpress', 'org.Mm.eg.db'
Flavor: r-oldrel-macos-x86_64