Last updated on 2025-02-04 05:50:30 CET.
Flavor | Version | Tinstall | Tcheck | Ttotal | Status | Flags |
---|---|---|---|---|---|---|
r-devel-linux-x86_64-debian-clang | 0.10.0 | 12.52 | 186.88 | 199.40 | OK | |
r-devel-linux-x86_64-debian-gcc | 0.10.0 | 7.62 | 127.54 | 135.16 | OK | |
r-devel-linux-x86_64-fedora-clang | 0.10.0 | 335.90 | OK | |||
r-devel-linux-x86_64-fedora-gcc | 0.10.0 | 310.20 | OK | |||
r-devel-windows-x86_64 | 0.10.0 | 15.00 | 187.00 | 202.00 | OK | |
r-patched-linux-x86_64 | 0.10.0 | 12.20 | 174.98 | 187.18 | OK | |
r-release-linux-x86_64 | 0.10.0 | 11.86 | 172.28 | 184.14 | OK | |
r-release-macos-arm64 | 0.10.0 | 10.00 | ERROR | |||
r-release-macos-x86_64 | 0.10.0 | 154.00 | OK | |||
r-release-windows-x86_64 | 0.10.0 | 14.00 | 184.00 | 198.00 | OK | |
r-oldrel-macos-arm64 | 0.9.0 | 61.00 | OK | |||
r-oldrel-macos-x86_64 | 0.9.0 | 102.00 | OK | |||
r-oldrel-windows-x86_64 | 0.10.0 | 19.00 | 201.00 | 220.00 | OK |
Version: 0.10.0
Check: package dependencies
Result: ERROR
Package required and available but unsuitable version: ‘bayestestR’
See section ‘The DESCRIPTION file’ in the ‘Writing R Extensions’
manual.
Flavor: r-release-macos-arm64