Last updated on 2025-02-10 03:49:30 CET.
Flavor | Version | Tinstall | Tcheck | Ttotal | Status | Flags |
---|---|---|---|---|---|---|
r-devel-linux-x86_64-debian-clang | 0.3.15 | 12.29 | 357.45 | 369.74 | NOTE | |
r-devel-linux-x86_64-debian-gcc | 0.3.15 | 7.57 | 197.47 | 205.04 | NOTE | |
r-devel-linux-x86_64-fedora-clang | 0.3.15 | 609.33 | OK | |||
r-devel-linux-x86_64-fedora-gcc | 0.3.15 | 573.16 | OK | |||
r-devel-windows-x86_64 | 0.3.15 | 13.00 | 294.00 | 307.00 | NOTE | |
r-patched-linux-x86_64 | 0.3.15 | 13.61 | 322.42 | 336.03 | OK | |
r-release-linux-x86_64 | 0.3.15 | 11.75 | 331.02 | 342.77 | OK | |
r-release-macos-arm64 | 0.3.15 | 128.00 | OK | |||
r-release-macos-x86_64 | 0.3.15 | 219.00 | OK | |||
r-release-windows-x86_64 | 0.3.15 | 15.00 | 299.00 | 314.00 | OK | |
r-oldrel-macos-arm64 | 0.3.15 | 131.00 | OK | |||
r-oldrel-macos-x86_64 | 0.3.15 | 266.00 | OK | |||
r-oldrel-windows-x86_64 | 0.3.15 | 17.00 | 450.00 | 467.00 | OK |
Version: 0.3.15
Check: Rd cross-references
Result: NOTE
Found the following Rd file(s) with Rd \link{} targets missing package
anchors:
casecross.Rd: coxph
Please provide package anchors for all Rd \link{} targets not in the
package itself and the base packages.
Flavors: r-devel-linux-x86_64-debian-clang, r-devel-linux-x86_64-debian-gcc, r-devel-windows-x86_64