Last updated on 2025-02-10 03:49:30 CET.
Flavor | Version | Tinstall | Tcheck | Ttotal | Status | Flags |
---|---|---|---|---|---|---|
r-devel-linux-x86_64-debian-clang | 5.7.8 | 68.34 | 118.37 | 186.71 | NOTE | |
r-devel-linux-x86_64-debian-gcc | 5.7.8 | 48.24 | 79.41 | 127.65 | NOTE | |
r-devel-linux-x86_64-fedora-clang | 5.7.8 | 317.22 | OK | |||
r-devel-linux-x86_64-fedora-gcc | 5.7.8 | 321.68 | OK | |||
r-devel-windows-x86_64 | 5.7.8 | 73.00 | 153.00 | 226.00 | NOTE | |
r-patched-linux-x86_64 | 5.7.8 | 67.73 | 105.20 | 172.93 | OK | |
r-release-linux-x86_64 | 5.7.8 | 66.86 | 105.36 | 172.22 | OK | |
r-release-macos-arm64 | 5.7.8 | 85.00 | NOTE | |||
r-release-macos-x86_64 | 5.7.8 | 112.00 | NOTE | |||
r-release-windows-x86_64 | 5.7.8 | 74.00 | 135.00 | 209.00 | OK | |
r-oldrel-macos-arm64 | 5.7.8 | 95.00 | NOTE | |||
r-oldrel-macos-x86_64 | 5.7.8 | 293.00 | NOTE | |||
r-oldrel-windows-x86_64 | 5.7.8 | 87.00 | 197.00 | 284.00 | OK |
Version: 5.7.8
Check: Rd cross-references
Result: NOTE
Found the following Rd file(s) with Rd \link{} targets missing package
anchors:
modRisk.Rd: loglm
Please provide package anchors for all Rd \link{} targets not in the
package itself and the base packages.
Flavors: r-devel-linux-x86_64-debian-clang, r-devel-linux-x86_64-debian-gcc, r-devel-windows-x86_64
Version: 5.7.8
Check: installed package size
Result: NOTE
installed size is 6.8Mb
sub-directories of 1Mb or more:
libs 3.9Mb
Flavors: r-release-macos-arm64, r-release-macos-x86_64, r-oldrel-macos-arm64, r-oldrel-macos-x86_64