Last updated on 2024-08-17 05:49:34 CEST.
Flavor | Version | Tinstall | Tcheck | Ttotal | Status | Flags |
---|---|---|---|---|---|---|
r-devel-linux-x86_64-debian-clang | 1.1.4 | 8.48 | 296.86 | 305.34 | NOTE | |
r-devel-linux-x86_64-debian-gcc | 1.1.4 | 6.02 | 203.15 | 209.17 | NOTE | |
r-devel-linux-x86_64-fedora-clang | 1.1.4 | 483.23 | NOTE | |||
r-devel-linux-x86_64-fedora-gcc | 1.1.4 | 490.27 | NOTE | |||
r-devel-windows-x86_64 | 1.1.4 | 9.00 | 346.00 | 355.00 | NOTE | |
r-patched-linux-x86_64 | 1.1.4 | 9.48 | 291.37 | 300.85 | NOTE | |
r-release-linux-x86_64 | 1.1.4 | 8.42 | 287.39 | 295.81 | NOTE | |
r-release-macos-arm64 | 1.1.4 | 177.00 | NOTE | |||
r-release-macos-x86_64 | 1.1.4 | 237.00 | NOTE | |||
r-release-windows-x86_64 | 1.1.4 | 9.00 | 342.00 | 351.00 | NOTE | |
r-oldrel-macos-arm64 | 1.1.4 | 199.00 | OK | |||
r-oldrel-macos-x86_64 | 1.1.4 | 283.00 | OK | |||
r-oldrel-windows-x86_64 | 1.1.4 | 8.00 | 398.00 | 406.00 | OK |
Version: 1.1.4
Check: Rd files
Result: NOTE
checkRd: (-1) cln.Rd:27: Lost braces
27 | case for text \code{1} for 1st uppercase, code{2} for lowercase, code{3} for uppercase (optional)
| ^
checkRd: (-1) cln.Rd:27: Lost braces
27 | case for text \code{1} for 1st uppercase, code{2} for lowercase, code{3} for uppercase (optional)
| ^
Flavors: r-devel-linux-x86_64-debian-clang, r-devel-linux-x86_64-debian-gcc, r-devel-linux-x86_64-fedora-clang, r-devel-linux-x86_64-fedora-gcc, r-devel-windows-x86_64, r-patched-linux-x86_64, r-release-linux-x86_64, r-release-macos-arm64, r-release-macos-x86_64, r-release-windows-x86_64
Version: 1.1.4
Check: Rd cross-references
Result: NOTE
Undeclared package ‘tibble’ in Rd xrefs
Flavor: r-devel-linux-x86_64-fedora-clang