Last updated on 2024-08-17 05:49:34 CEST.
Flavor | Version | Tinstall | Tcheck | Ttotal | Status | Flags |
---|---|---|---|---|---|---|
r-devel-linux-x86_64-debian-clang | 0.4.0 | 10.32 | 258.10 | 268.42 | OK | |
r-devel-linux-x86_64-debian-gcc | 0.4.0 | 5.26 | 170.30 | 175.56 | OK | |
r-devel-linux-x86_64-fedora-clang | 0.4.0 | 419.90 | NOTE | |||
r-devel-linux-x86_64-fedora-gcc | 0.4.0 | 423.91 | OK | |||
r-devel-windows-x86_64 | 0.4.0 | 10.00 | 252.00 | 262.00 | OK | |
r-patched-linux-x86_64 | 0.4.0 | 8.15 | 237.17 | 245.32 | OK | |
r-release-linux-x86_64 | 0.4.0 | 7.90 | 244.13 | 252.03 | OK | |
r-release-macos-arm64 | 0.4.0 | 126.00 | OK | |||
r-release-macos-x86_64 | 0.4.0 | 183.00 | OK | |||
r-release-windows-x86_64 | 0.4.0 | 13.00 | 250.00 | 263.00 | OK | |
r-oldrel-macos-arm64 | 0.4.0 | 114.00 | OK | |||
r-oldrel-macos-x86_64 | 0.4.0 | 270.00 | OK | |||
r-oldrel-windows-x86_64 | 0.4.0 | 16.00 | 324.00 | 340.00 | OK |
Version: 0.4.0
Check: Rd cross-references
Result: NOTE
Undeclared packages ‘janitor’, ‘unheadr’, ‘validate’ in Rd xrefs
Flavor: r-devel-linux-x86_64-fedora-clang