Last updated on 2025-02-04 05:50:30 CET.
Flavor | Version | Tinstall | Tcheck | Ttotal | Status | Flags |
---|---|---|---|---|---|---|
r-devel-linux-x86_64-debian-clang | 0.61.0 | 14.19 | 106.26 | 120.45 | NOTE | |
r-devel-linux-x86_64-debian-gcc | 0.61.0 | 9.25 | 73.60 | 82.85 | NOTE | |
r-devel-linux-x86_64-fedora-clang | 0.61.0 | 193.75 | NOTE | |||
r-devel-linux-x86_64-fedora-gcc | 0.61.0 | 176.73 | NOTE | |||
r-devel-windows-x86_64 | 0.61.0 | 17.00 | 123.00 | 140.00 | NOTE | |
r-patched-linux-x86_64 | 0.61.0 | 14.26 | 97.69 | 111.95 | OK | |
r-release-linux-x86_64 | 0.61.0 | 12.70 | 98.70 | 111.40 | OK | |
r-release-macos-arm64 | 0.61.0 | 53.00 | OK | |||
r-release-macos-x86_64 | 0.61.0 | 141.00 | OK | |||
r-release-windows-x86_64 | 0.61.0 | 16.00 | 113.00 | 129.00 | OK | |
r-oldrel-macos-arm64 | 0.61.0 | 68.00 | OK | |||
r-oldrel-macos-x86_64 | 0.61.0 | 101.00 | OK | |||
r-oldrel-windows-x86_64 | 0.61.0 | 21.00 | 145.00 | 166.00 | OK |
Version: 0.61.0
Check: DESCRIPTION meta-information
Result: NOTE
Missing dependency on R >= 4.1.0 because package code uses the pipe
|> or function shorthand \(...) syntax added in R 4.1.0.
File(s) using such syntax:
‘export.R’ ‘export.sc_hplm.R’ ‘export.sc_overlap.R’ ‘export.sc_smd.R’
‘export.sc_tauu.R’ ‘pand.R’ ‘privat-rename_phase_duplicates.R’
‘scdf.R’
Flavors: r-devel-linux-x86_64-debian-clang, r-devel-linux-x86_64-debian-gcc, r-devel-linux-x86_64-fedora-clang, r-devel-linux-x86_64-fedora-gcc, r-devel-windows-x86_64