Last updated on 2024-08-18 04:48:23 CEST.
Flavor | Version | Tinstall | Tcheck | Ttotal | Status | Flags |
---|---|---|---|---|---|---|
r-devel-linux-x86_64-debian-clang | 1.1.9 | 7.99 | 61.61 | 69.60 | NOTE | |
r-devel-linux-x86_64-debian-gcc | 1.1.9 | 6.33 | 45.01 | 51.34 | NOTE | |
r-devel-linux-x86_64-fedora-clang | 1.1.9 | 115.90 | NOTE | |||
r-devel-linux-x86_64-fedora-gcc | 1.1.9 | 106.02 | NOTE | |||
r-devel-windows-x86_64 | 1.1.9 | 9.00 | 76.00 | 85.00 | NOTE | |
r-patched-linux-x86_64 | 1.1.9 | 8.04 | 57.88 | 65.92 | NOTE | |
r-release-linux-x86_64 | 1.1.9 | 8.67 | 58.46 | 67.13 | NOTE | |
r-release-macos-arm64 | 1.1.9 | 35.00 | NOTE | |||
r-release-macos-x86_64 | 1.1.9 | 109.00 | NOTE | |||
r-release-windows-x86_64 | 1.1.9 | 9.00 | 77.00 | 86.00 | NOTE | |
r-oldrel-macos-arm64 | 1.1.9 | 44.00 | NOTE | |||
r-oldrel-macos-x86_64 | 1.1.9 | 162.00 | NOTE | |||
r-oldrel-windows-x86_64 | 1.1.9 | 12.00 | 91.00 | 103.00 | NOTE |
Version: 1.1.9
Check: package dependencies
Result: NOTE
Packages which this enhances but not available for checking:
'gurobi', 'pogs'
Flavors: r-devel-linux-x86_64-debian-clang, r-devel-linux-x86_64-debian-gcc, r-patched-linux-x86_64, r-release-linux-x86_64
Version: 1.1.9
Check: package dependencies
Result: NOTE
Packages which this enhances but not available for checking:
'gurobi', 'Rcplex', 'pogs'
Flavors: r-devel-linux-x86_64-fedora-clang, r-devel-linux-x86_64-fedora-gcc, r-devel-windows-x86_64, r-release-macos-arm64, r-release-macos-x86_64, r-release-windows-x86_64, r-oldrel-macos-arm64, r-oldrel-macos-x86_64, r-oldrel-windows-x86_64